{"id":819,"date":"2015-10-04T14:00:03","date_gmt":"2015-10-04T12:00:03","guid":{"rendered":"http:\/\/slivnica.splet.arnes.si\/?page_id=819"},"modified":"2025-07-11T09:46:44","modified_gmt":"2025-07-11T07:46:44","slug":"ostali-dosezki","status":"publish","type":"page","link":"https:\/\/slivnica.si\/?page_id=819","title":{"rendered":"Ostali dose\u017eki"},"content":{"rendered":"<div>\n<h3>Ostali dose\u017eki v \u0161olskem letu 2024\/2025<\/h3>\n<\/div>\n<div>\n<div><strong><em>Pohvale ob koncu \u0161olskega leta: 24. 6. 2025<\/em><\/strong><\/div>\n<div><strong>Mati\u010dna \u0161ola:<\/strong><\/div>\n<div>9. razred: Tinkara Mastnak, Alen Ocvirk, Bla\u0161ka Vinkler, Denis Vidergar, Leja Loknar, Taja Arli\u010d, Ur\u0161ka Verk, Zala Voga Slaten\u0161ek, \u0160pela Skale, Nik Gaj\u0161ek, Gal Dober\u0161ek<\/div>\n<div>8. razred: Timon Jelen, Manca Kupec Arzen\u0161ek, Kiara Kolar, Julija Petek, Klemen Trobec, David Zalokar<\/div>\n<div>7. razred: Eva Polen\u0161ek<\/div>\n<div>6. razred: Alina Centrih, Luka Guzej<\/div>\n<div>5. razred: Anja Polen\u0161ek<\/div>\n<div>4. razred: Tarik Turn\u0161ek<\/div>\n<div>3. razred: Matias Petek<\/div>\n<div><strong>P\u0160 Loka pri \u017dusmu:<\/strong> Zala Bobek, 5. razred<\/div>\n<div><strong>P\u0160 Prevorje:<\/strong> Manca Arli\u010d in Karin \u0160ket iz 1. razreda, Vid Arzen\u0161ek, 3. razred<\/div>\n<div>&nbsp;<\/div>\n<div><strong>Sprejem pri \u017eupanu: \u0160entjur, 19. 6. 2025<\/strong><\/div>\n<div>Leja Loknar, Lara Pertina\u010d, Alen Ocvirk, Jan Gunzek, Tinkara Mastnak, Brina Gaj\u0161ek, Ur\u0161ka Verk in Bla\u0161ka Vinkler.<\/div>\n<div>&nbsp;<\/div>\n<\/div>\n<div>\n<div><strong><em>Vpis v zlato knjigo in knji\u017ena nagrada: Gorica pri Slivnici, 13. 6. 2025<\/em><\/strong><\/div>\n<div>Leja Loknar, Lara Pertina\u010d, Pia Peperko, Alen Ocvirk, Jan Gunzek, Tinkara Mastnak, Brina Gaj\u0161ek, Ur\u0161ka Verk, Bla\u0161ka Vinkler, Nik Gunzek, Maja Arzen\u0161ek, Matic Pi\u0161ek, \u0160pela Skale in Gal Dober\u0161ek.<\/div>\n<div>\n<div>&nbsp;<\/div>\n<div><strong>Zlati bralci<\/strong><\/div>\n<div>\n<div>9. a: Tinkara Mastnak, Alen Ocvirk, Lana Seli\u010d,&nbsp;<\/div>\n<div>9. b: Leja Loknar, Mateja Majeri\u010d, \u0160pela Skale, Ur\u0161ka Verk<\/div>\n<\/div>\n<\/div>\n<\/div>\n<div>&nbsp;<\/div>\n<div>\n<div>\n<div>\n<div>\n<div><em><strong><b>\u0160olsko tekmovanje za Cankarjevo priznanje<\/b><\/strong><\/em><\/div>\n<\/div>\n<\/div>\n<div>\n<div class=\"gmail_default\">Zoja Leskov\u0161ek (6. a)&nbsp;<\/div>\n<div class=\"gmail_default\">Eva Polen\u0161ek (7. a)<\/div>\n<div>Klemen Trobec (8. a)<\/div>\n<div>Brina Gaj\u0161ek (9. a)<\/div>\n<\/div>\n<\/div>\n<\/div>\n<div>&nbsp;<\/div>\n<div><strong>Nate\u010daj &#8220;Pokukajmo v svet in\u017eenirk in in\u017eenirjev IKT&#8221;<em><b>, \u0161olsko leto 2024\/2025:<\/b><\/em><\/strong><\/div>\n<div>Manca Pacek, 3. razred P\u0160 Prevorje (Pastirji, ki nas varujejo pred spletnimi zlorabami)<\/div>\n<div>Sara Gril, 5. razred mati\u010dne \u0161ole (Pazite, da se ne zasvojite)<\/div>\n<div>Ajda Pol\u0161ak, 6. a (Vem, da name na spletu pazijo tudi strokovnjaki)<\/div>\n<div>Maj Dimec, 7. a (Kaj vse bodo u\u010diteljica morale znati)<\/div>\n<div>Martina Gril, 7. a (Naj strokovnjaki prepre\u010dijo spletno nasilje)<\/div>\n<div>\n<div>\n<div>&nbsp;<\/div>\n<div>\n<div>\n<div><em><strong><b>Priznanja za sodelovanje &#8211; tekmovanje Bobr\u010dek, \u0161olsko leto 2024\/2025:<\/b><\/strong><\/em><\/div>\n<\/div>\n<\/div>\n<div>\n<div>2. razred: Stela Artnjak, Ma\u0161a Butinar, Julijan Lenart, Urban Salobir, \u0160pela Tan\u0161ek, Zala Vodeb, Tia Vouk in Lana \u017dalar&nbsp;<\/div>\n<div>3. razred: Lukas \u010cuje\u0161, Mark Elia\u0161, Aleks Gu\u010dek, Ga\u0161per Jeraj, Ana Julia Pereira, Jure Kladnik, Maja Ma\u010dek, \u017dan Pustiv\u0161ek, Laura Salobir, Valentina Salobir, Urh Vodeb, \u017dan Vodeb, Anej Vrhov\u0161ek Polutnik in Sara \u017davski iz mati\u010dne \u0161ole ter Ne\u017ea Pacek in Ne\u017ea Vuga iz P\u0160 Prevorje<\/div>\n<\/div>\n<\/div>\n<div>\n<div>4. razred: Ne\u017ea Pacek, Vid Vuga P\u0160 Prevorje<\/div>\n<div>&nbsp;<\/div>\n<\/div>\n<div><em><strong><b>Priznanje za sodelovanje na \u0161olskem tekmovanju iz Logi\u010dne po\u0161asti, 9. 5. 2025:<\/b><\/strong><\/em><\/div>\n<\/div>\n<div>\n<div>\n<div>\n<div>1. razred: Karolina Oblak (P\u0160&nbsp;Loka), Matev\u017e Cesar (P\u0160&nbsp;Loka)<\/div>\n<div>2. razred: Tia Vouk<\/div>\n<div>&nbsp;<\/div>\n<div><strong>Literarni nate\u010daj Knjiga mi pripoveduje<\/strong><\/div>\n<\/div>\n<\/div>\n<p>&#8211; Klemen Trobec, 8. razred &#8211; 2. mesto za kratko zgodbo Modre\u010dev zaklad<\/p>\n<p>&nbsp;<\/p>\n<div>\n<div><em><span style=\"color: #000000;font-family: 'Open Sans', Verdana, Helvetica, Arial, sans-serif\"><strong><b>Priznanje \u010cMRLJ &#8211; \u0161olsko tekmovanje iz znanja fizike, 12. 2. 2025:<\/b><\/strong><\/span><\/em><\/div>\n<div>\n<div>Klemen Trobec, David Zalokar in Julija Petek iz 8. a. Alen Ocvirk iz 9. a ter Leja Loknar, Jan Gunzek in Ur\u0161ka Verk iz 9. b.&nbsp;<\/div>\n<div>&nbsp;<\/div>\n<\/div>\n<\/div>\n<div><em><span style=\"color: #000000;font-family: 'Open Sans', Verdana, Helvetica, Arial, sans-serif\"><strong><b>Regijsko tekmovanje za Cankarjevo priznanje, 21. 1. 2025, \u017dalec:<\/b><\/strong><\/span><\/em><\/div>\n<div>\n<div>Klemen Trobec, 8. a in Brina Gaj\u0161ek, 9. a&nbsp;<\/div>\n<div>&nbsp;<\/div>\n<\/div>\n<\/div>\n<p><strong>Nagrajenki fotografskega nate\u010daja Pogled 2024 v organizaciji Centra za mlade Dom\u017eale<\/strong> &#8211; november 2024<br \/>\n&#8211; Ana Zalokar &#8211; 3. mesto (kategorija prosto)&nbsp;<br \/>\n&#8211; Ula \u010cuje\u0161 &#8211; diploma (kategorija trikotnik)<\/p>\n<div><strong>Nagrajenci fotografskega nate\u010daja Moj ko\u0161\u010dek Slovenije<\/strong> &#8211; december 2024<\/div>\n<div>Viktorija Casar, Alina Centrih, Ula Budin,&nbsp;Jure Casar,&nbsp;\u017dan \u010cerni\u010d,&nbsp;Sta\u0161 Koren<\/div>\n<div>&nbsp;<\/div>\n<div>\n<div><em><span style=\"color: #000000;font-family: 'Open Sans', Verdana, Helvetica, Arial, sans-serif\"><strong><b>Priznanje za sodelovanje na \u0161olskem tekmovanju v znanju iz sladkorne bolezni, 11. 10. 2024:<\/b><\/strong><\/span><\/em><\/div>\n<div>9. razred: Brina Gaj\u0161ek, Monika Opre\u0161nik, Lana Seli\u010d<\/div>\n<\/div>\n<div>&nbsp;<\/div>\n<div><strong>eTwinning projekt<\/strong> <b><i><a href=\"https:\/\/www.os-slivnica.si\/?page_id=26971\" target=\"_blank\" rel=\"noopener\" data-saferedirecturl=\"https:\/\/www.google.com\/url?q=https:\/\/www.os-slivnica.si\/?page_id%3D26971&amp;source=gmail&amp;ust=1732611950659000&amp;usg=AOvVaw0i5tgirnoZqvpMnO4IR_RO\">Deutsch f\u00fcr alle, alle f\u00fcr Deutsch<\/a><\/i><\/b>, je dobil <b>nacionalni in evropski znak kakovosti;<\/b><\/div>\n<div>Sodelovali so:<\/div>\n<div>&#8211; Tinkara Breg, Timon Jelen, Jaka Kodri\u010d, Kiara Kolar, Manca Kupec Arzen\u0161ek, Julija Petek, Melanija Zidanski<\/div>\n<div>&#8211; Tea Holcinger, Alen Ocvirk, Zala Voga Slaten\u0161ek<\/div>\n<div>&#8211; in biv\u0161i deveto\u0161olci: Zala Jelen, Alisa Platov\u0161ek, \u017dana Skale Mastnak, Maja Sterku\u0161<\/div>\n<div>&nbsp;<\/div>\n<p><strong>eTwinning projekt <i><a href=\"https:\/\/www.os-slivnica.si\/?page_id=26957\" target=\"_blank\" rel=\"noopener\" data-saferedirecturl=\"https:\/\/www.google.com\/url?q=https:\/\/www.os-slivnica.si\/?page_id%3D26957&amp;source=gmail&amp;ust=1732610484437000&amp;usg=AOvVaw3KjU-Czfy66YPNz90W_Q58\">Fairy Tales<\/a><\/i><\/strong>, je dobil <b><em>nacionalni in evropski znak kakovosti<\/em>: <\/b>sodelovali so Anej Tai Antlej, Florijan Bratec, Bor Jezov\u0161ek, Ne\u017ea Johan, Eva Kolar, Luka Kraj\u0161ek, Matic Loknar, Eva Polen\u0161ek, Jan Reber\u0161ak, Jerneja Salobir, Jaka \u0160entjurc, Ne\u017ea Ti\u010der in An\u017ee Vidovi\u010d.<\/p>\n<p><strong>Odprtje razstave fotografskega nate\u010daja: &#8221; Mladost ni norost 2024&#8243;<\/strong> &#8211; 1. najuspe\u0161nej\u0161a osnovna \u0161ola: Celje, 27. september 2024&nbsp;<\/p>\n<p>Sprejete fotografije: Taja Arli\u010d (1 fotografija), \u010cuje\u0161 Ula (3 fotografije), Gril Martina (2 fotografiji), Gril Sara (1 fotografija), Opre\u0161nik Monika (2 fotografiji), Polen\u0161ek Eva (1 fotografija), U\u017emah Melanija (1 fotografija) in Zalokar Ana (1 fotografija).<\/p>\n<p><em>Martina Gril prejela DIPLOMO Fotografske zveze Slovenije za svojo fotografijo Baraba.<\/em><\/p>\n<h3>&#8212;&#8212;&#8212;&#8212;&#8212;&#8212;&#8212;&#8212;&#8212;&#8212;&#8212;&#8212;&#8212;&#8212;&#8212;&#8212;&#8212;&#8212;&#8212;&#8212;&#8212;&#8212;&#8212;&#8212;&#8212;&#8212;&#8212;&#8212;&#8212;&#8212;&#8212;&#8212;&#8212;&#8212;&#8212;&#8212;&#8212;&#8212;&#8212;&#8212;&#8212;&#8212;&#8212;&#8212;&#8212;&#8212;&#8212;&#8212;&#8212;&#8212;&#8211;<\/h3>\n<h3><strong>Ostali dose\u017eki v \u0161olskem letu 2023\/2024<\/strong><\/h3>\n<div><strong><em>Zlati bralci<\/em><\/strong><\/div>\n<div>\n<div>Lucija Bratec, Nina Jagodi\u010d, Eva Megli\u010d, Alisa Platov\u0161ek, Zala Jelen, Kaja \u0160mid, Maja Sterku\u0161, Anja Vodeb, \u017dana Skale<br \/>\nMastnak, Brina Hernaus, Jo\u017ee Gerzina in Lukas Krajnc.<\/div>\n<\/div>\n<div>&nbsp;<\/div>\n<div><strong><em>Vpis v zlato knjigo in knji\u017ena nagrada: Gorica pri Slivnici, 24. 6. 2024<\/em><\/strong><\/div>\n<div>Eva Megli\u010d, Alisa Platov\u0161ek, Zala Jelen, Brina Hernaus, \u017dana Skale Mastnak, Gal Dolni\u010dar, \u017dan Pertina\u010d in Lukas Krajnc<\/div>\n<div>&nbsp;<\/div>\n<div>\n<div><strong>Sprejem pri \u017eupanu: \u0160entjur, 24. 6. 2024<\/strong><\/div>\n<div>Lucija Bratec, Alisa Platov\u0161ek, Zala Jelen, \u017dana Skale Mastnak, Maja Sterku\u0161, Gal Dolni\u010dar in \u017dan Pertina\u010d<\/div>\n<\/div>\n<div>&nbsp;<\/div>\n<div><strong><em>Pohvale ob koncu \u0161olskega leta: 24. 6. 2024<\/em><\/strong><\/div>\n<div><strong>Mati\u010dna \u0161ola:<\/strong><\/div>\n<div>9. razred: \u017dana Skale Mastnak, Nika Kladnik, Jo\u017ee Gerzina, \u017dan Pertina\u010d, Zala Jelen, Nina Jagodi\u010d, Gal Dolni\u010dar, Lucija Bratec<\/div>\n<div>8. razred: Tinkara Mastnak, Alen Ocvirk, Taja Arli\u010d, Maja Arzen\u0161ek, Gal Dober\u0161ek, Nika Gaj\u0161ek, Tea Holcinger, Leja Loknar, \u0160pela Skale, Ur\u0161ka Verk, Zala Voga Slaten\u0161ek<\/div>\n<div>7. razred: Timon Jelen, Kiara Kolar, Julija Petek, Klemen Trobec, David Zalokar<\/div>\n<div>6. razred: Bor Jezov\u0161ek, Luka Kraj\u0161ek, Eva Polen\u0161ek<\/div>\n<div>5. razred: Ajda Hernaus, Gloria \u0160elih,&nbsp;<\/div>\n<div>4. razred: Ema Jurjovec, Anja Polen\u0161ek<\/div>\n<div><strong>P\u0160 Loka pri \u017dusmu:<\/strong> Alina Centrih, Karin Su\u0161ec, obe 5. razred<\/div>\n<div><strong>P\u0160 Prevorje:<\/strong> Vid Arzen\u0161ek, 2. razred<\/div>\n<div>&nbsp;<\/div>\n<div>\n<div>\n<div><strong>Pikin fotografski nate\u010daj Na zeleno barvam svet. 2024 \/razstava bo v Velenju, 4. 9. 2024<\/strong><\/div>\n<div>Bronasta medalja FZS: <strong>Taja Arli\u010d<\/strong>, 14 let, O\u0160 Slivnica pri Celju, ment. Martina Kosaber Gril. Naslov fotografije: Pri\u0161la na vrh, da bi za\u017earela<strong>.<\/strong><\/div>\n<div>&nbsp;<\/div>\n<div><strong><em>Literarni nate\u010daj Bodi pisatelj\/pisateljica 2024<\/em><\/strong><\/div>\n<div><strong>Eva Polen\u0161ek, 6. a<\/strong>&nbsp;&#8211; prejemnica nagrade za prozno besedilo \u010cajlino ma\u0161\u010devanje<\/div>\n<div><strong>Anja Polen\u0161ek, 4. a<\/strong>&nbsp;&#8211; prejemnica nagrade za prozno besedilo Bobijev pobeg<\/div>\n<\/div>\n<div>\n<div>&nbsp;<\/div>\n<div><strong>Mednarodni likovni nate\u010daj &#8220;Bodi umetnik&#8221; s temo &#8211; Igraj se z mano<\/strong> &#8211; Pohvala: Melanija U\u017emah iz 3. razreda<\/div>\n<\/div>\n<div>&nbsp;<\/div>\n<div><strong>Fotografski nate\u010daj Pogled 2023<\/strong> &#8211; Martina Gril 3. mesto v kategoriji \u0161tirikotniki<\/div>\n<div>&nbsp; &nbsp; &nbsp; &nbsp; &nbsp; &nbsp; &nbsp; &nbsp; &nbsp; &nbsp; &nbsp; &nbsp; &nbsp; &nbsp; &nbsp; &nbsp; &nbsp; &nbsp; &nbsp; &nbsp; &nbsp; &nbsp; &nbsp; &nbsp; &nbsp; &nbsp; &nbsp; &nbsp;Monika Opre\u0161nik Diploma v kategoriji rde\u010de<\/div>\n<div>&nbsp; &nbsp; &nbsp; &nbsp; &nbsp; &nbsp; &nbsp; &nbsp; &nbsp; &nbsp; &nbsp; &nbsp; &nbsp; &nbsp; &nbsp; &nbsp; &nbsp; &nbsp; &nbsp; &nbsp; &nbsp; &nbsp; &nbsp; &nbsp; &nbsp; &nbsp; &nbsp; &nbsp;Sara Gril Diploma v kategoriji prosto<\/div>\n<div>&nbsp;<\/div>\n<div><strong>Fotografski nate\u010daj Narobe svet &#8211; razstavljene fotografije na gradu Velenje:<\/strong><\/div>\n<div>Maja Arzen\u0161ek, Monika Opre\u0161nik, Sara Gril in Nika Bevc<\/div>\n<div>&nbsp;<\/div>\n<div><strong>Fotografski nate\u010daj Portret 2024 &#8211; <\/strong>Ula \u010cuje\u0161 Diploma Fotografske zveze Slovenije<\/div>\n<div>&nbsp;<\/div>\n<div><strong>ZOTKIS &#8211; uvr\u0161\u010dene na dr\u017eavno tekmovanje:<\/strong> Ula \u010cuje\u0161, Jerneja Salobir in Ajda Pol\u0161ak<\/div>\n<div>\n<div>&nbsp;<\/div>\n<div><strong><em>Slovenska pregledna razstava mladinske fotografije 2023, 22. &#8211; 26. oktober 2023<\/em><\/strong><\/div>\n<div>Nagrajene fotografije, mladi do 15 let: Ula \u010cuje\u0161 6. r., Tinkara Bevc 5. r. in Vid Arzen\u0161ek iz 2. razreda.<\/div>\n<\/div>\n<\/div>\n<div>&nbsp;<\/div>\n<div>&nbsp;<\/div>\n<div>\n<p><span style=\"color: #3366ff\">Ostali dose\u017eki v \u0161olskem letu 2022\/2023<\/span><\/p>\n<\/div>\n<p><span style=\"color: #3366ff\"><strong><em>Vpis v zlato knjigo in knji\u017ena nagrada: Gorica pri Slivnici, 24. 6. 2023<\/em><\/strong><\/span><\/p>\n<p><span style=\"color: #3366ff\">Ana Bobnar, Nik Kraj\u0161ek, Zoja PLanko\u20149. a; Ma\u0161a Ma\u010dek, Kristina Tr\u017ean, Lucija Verk, Ema Skale, Gal Tr\u017ean\u20149. b&nbsp;<\/span><\/p>\n<p><span style=\"color: #3366ff\"><strong><em>Pohvala ob koncu \u0161olskega leta: Gorica pri Slivnici, 24. 6. 2023<\/em><\/strong><\/span><\/p>\n<p><span style=\"color: #3366ff\">Ajda Hernaus\u20144. a<\/span><\/p>\n<p><span style=\"color: #3366ff\">Eva Polen\u0161ek\u20145. a<\/span><\/p>\n<p><span style=\"color: #3366ff\">Klemen Trobec, Julija Petek, Kiara Kolar, Timon Jelen\u20146. a<\/span><\/p>\n<p><span style=\"color: #3366ff\">Lara Pertina\u010d, Tinkara Mastnak\u20147. a<\/span><\/p>\n<p><span style=\"color: #3366ff\">Zala Voga Slaten\u0161ek, Ur\u0161ka Verk, Leja Loknar, Jan Gunzek, Nik Gaj\u0161ek, Taja Arli\u010d \u20147. b<\/span><\/p>\n<p><span style=\"color: #3366ff\">Kaja \u0160mid, Zala Jelen, Gal Dolni\u010dar\u20148. a<\/span><\/p>\n<p><span style=\"color: #3366ff\">\u017dana Skale Mastnak, Jo\u017ee Gerzina\u20148. b<\/span><\/p>\n<p><span style=\"color: #3366ff\">Alina Centrih, Karin Su\u0161ec\u20144. a, P\u0160 Loka pri \u017dusmu<\/span><\/p>\n<p><span style=\"color: #3366ff\"><strong><em>&nbsp;<\/em><\/strong><\/span><\/p>\n<p><span style=\"color: #3366ff\"><strong><em>Sprejem pri \u017eupanu: \u0160entjur, 21. 6. 2023<\/em><\/strong><\/span><\/p>\n<p><span style=\"color: #3366ff\">Ana Bobnar, Nik Kraj\u0161ek, Miha Mastnak, Zoja Planko\u20149. a; Ma\u0161a Ma\u010dek, Kristina Tr\u017ean, Ema Skale, Gal Tr\u017ean\u20149. b<\/span><\/p>\n<div><span style=\"color: #3366ff;font-family: 'Open Sans', Verdana, Helvetica, Arial, sans-serif\"><em><strong>Literarni nate\u010daj: Na\u0161a domovina &#8211; moja varnost<\/strong><\/em><\/span><\/div>\n<div><span style=\"color: #3366ff\">Zlato priznanje: Leja Loknar, 7. b in Anja Vodeb, 8. b<\/span><\/div>\n<div>&nbsp;<\/div>\n<div><span style=\"color: #3366ff;font-family: 'Open Sans', Verdana, Helvetica, Arial, sans-serif\"><em><strong>\u0160olsko tekmovanje iz Logi\u010dne po\u0161asti; 5. 5. 2023<\/strong><\/em><\/span><\/div>\n<div><span style=\"color: #3366ff\"><strong>Biserno priznanje<\/strong><\/span><\/div>\n<div><span style=\"color: #3366ff\">1. razred: Vid Arzen\u0161ek 1. P, Enja Bra\u010dun 1. L, Laura Salobir 1. A, Matias Petek 1. A<\/span><\/div>\n<div><span style=\"color: #3366ff\">2. razred: Zarja Aman, Anika Novak \u0160tante, Franci Lipnik 2. L, Biserno Mija Kos 2. L<\/span><\/div>\n<div><span style=\"color: #3366ff\">3. razred: Eva Bovha, Brina Voga, Zala Bobek 3. L, Sara Gril 3. P<\/span><\/div>\n<div><span style=\"color: #3366ff\">4. razred: Alina Centrih 4. L, Zoja Leskov\u0161ek 4. A, Luka Guzej 4. L, Nika Bevc 4. P, Nik Zorko 4. A<\/span><\/div>\n<div><span style=\"color: #3366ff\">5. razred: Eva Polen\u0161ek 5. A, Matic Loknar 5. L, Ne\u017ea Ti\u010der 5. L<\/span><\/div>\n<div><span style=\"color: #3366ff\">7. razred: Alen Ocvirk 7. A, Lara Pertina\u010d 7. A, Tinkara Mastnak 7. A<\/span><\/div>\n<div><span style=\"color: #3366ff\">8. razred: \u017dan Pertina\u010d 8. A<\/span><\/div>\n<div><span style=\"color: #3366ff\">9. razred: Ana Bobnar 9. A<\/span><\/div>\n<div>\n<div>&nbsp;<\/div>\n<div>&nbsp;<\/div>\n<div><span style=\"color: #3366ff;font-family: 'Open Sans', Verdana, Helvetica, Arial, sans-serif\"><em><strong>\u0160olsko tekmovanje za Cankarjevo priznanje; 4. 4. 2023<\/strong><\/em><\/span><\/div>\n<div><span style=\"color: #3366ff\">2. razred: Zarja Aman, Anika Novak \u0160tante, Gaj Pangerl, Tim Planko<\/span><\/div>\n<div><span style=\"color: #3366ff\">3. razred: Ema Jurjovec, Brina Dolni\u010dar, Anja Polen\u0161ek, Sara Artnjak, Eva Jelen, Mia Kos, Ana Zalokar<\/span><\/div>\n<div><span style=\"color: #3366ff\">5. razred: Eva Polen\u0161ek&nbsp;<\/span><\/div>\n<div><span style=\"color: #3366ff\">6. razred: Klemen Trobec<\/span><\/div>\n<div><span style=\"color: #3366ff\">7. razred: Leja Loknar, Brina Gaj\u0161ek, Tinkara Mastnak<\/span><\/div>\n<\/div>\n<div>&nbsp;<\/div>\n<div>&nbsp;<\/div>\n<div><span style=\"color: #3366ff\"><strong><em>\u0160olsko tekmovanje v znanju fizike, 15. 2. 2023; priznanje \u010cMRLJ prejmejo naslednji u\u010denci:<\/em><\/strong><\/span><\/div>\n<div>&nbsp;<\/div>\n<div><span style=\"color: #3366ff;font-family: 'Open Sans', Verdana, Helvetica, Arial, sans-serif\">\u017dan Pertina\u010d 8.a<\/span><\/div>\n<div><span style=\"color: #3366ff;font-family: 'Open Sans', Verdana, Helvetica, Arial, sans-serif\">\u017dana Skale Mastnak 8. b<\/span><\/div>\n<div><span style=\"color: #3366ff;font-family: 'Open Sans', Verdana, Helvetica, Arial, sans-serif\">Tadej Lipov\u0161ek 8. b<\/span><\/div>\n<div><span style=\"color: #3366ff;font-family: 'Open Sans', Verdana, Helvetica, Arial, sans-serif\">Miha Mastnak 9. a<\/span><\/div>\n<div><span style=\"color: #3366ff;font-family: 'Open Sans', Verdana, Helvetica, Arial, sans-serif\">Ana Bobnar 9. a<\/span><\/div>\n<div><span style=\"color: #3366ff;font-family: 'Open Sans', Verdana, Helvetica, Arial, sans-serif\">Nik Kraj\u0161ek 9. a<\/span><\/div>\n<div><span style=\"color: #3366ff;font-family: 'Open Sans', Verdana, Helvetica, Arial, sans-serif\">Ema Skale 9. b<\/span><\/div>\n<h3>&nbsp;<\/h3>\n<h3><span style=\"color: #339966\">Ostali dose\u017eki v \u0161olskem letu 2021\/2022<\/span><\/h3>\n<p><span style=\"color: #339966\"><strong><em>Vpis v zlato knjigo in knji\u017ena nagrada: Gorica pri Slivnici, 24. 6. 2022<\/em><\/strong><\/span><\/p>\n<p><span style=\"color: #339966\">Larisa Mastnak, Timeja Novak, Eva U\u017emah, Sara Belina\u20149. a<\/span><\/p>\n<p>&nbsp;<\/p>\n<p><span style=\"color: #339966\"><strong><em>Pohvala ob koncu \u0161olskega leta: Gorica pri Slivnici, 24. 6. 2022<\/em><\/strong><\/span><\/p>\n<p><span style=\"color: #339966\">Sara Artnjak\u20142. a<\/span><\/p>\n<p><span style=\"color: #339966\">Eva Polen\u0161ek, Jan Reber\u0161ka\u20144. a<\/span><\/p>\n<p><span style=\"color: #339966\">Nika Tia Antlej, Brina Gaj\u0161ek, Tinkara Mastnak, Alen Ocvirk, Lara Pertina\u010d\u20146. a<\/span><\/p>\n<p><span style=\"color: #339966\">Taja Arli\u010d, Nik Gaj\u0161ek, Jan Gunzek, Leja Loknar, Zala Voga Slaten\u0161ek\u20146. b<\/span><\/p>\n<p><span style=\"color: #339966\">Ga\u0161per \u010cak\u0161, Gal Dolni\u010dar, \u017dan Pertina\u010d, Kaja \u0160mid\u20147. a<\/span><\/p>\n<p><span style=\"color: #339966\">Enej Simoni\u010d, \u017dana Skale Mastnak, Maja Sterku\u0161\u20147. b<\/span><\/p>\n<p><span style=\"color: #339966\">Sara Mastnak, Ema Skale, Kristina Tr\u017ean\u20148. b<\/span><\/p>\n<p><span style=\"color: #339966\">Sara Belina, Katarina Debelec, Larisa Mastnak, Gaja Recko, Eva U\u017emah, Lana Zupanc\u20149. a<\/span><\/p>\n<p><span style=\"color: #339966\">Alina Centrih, Karin Su\u0161ec\u20143. a, P\u0160 Loka pri \u017dusmu<\/span><\/p>\n<p><span style=\"color: #339966\">\u017dana Melan\u0161ek\u20145. a, P\u0160 Prevorje<\/span><\/p>\n<p><span style=\"color: #339966\"><strong><em>&nbsp;<\/em><\/strong><\/span><\/p>\n<p><span style=\"color: #339966\"><strong><em>Sprejem pri \u017eupanu: \u0160entjur, 16. 6. 2022<\/em><\/strong><\/span><\/p>\n<p><span style=\"color: #339966\">Larisa Mastnak, Timeja Novak, Eva U\u017emah, Sara Belina, Katarina Debelec in Benjamin Planko\u20149. a<\/span><\/p>\n<p><span style=\"color: #339966\"><strong>Prvo mesto na dr\u017eavnem nate\u010daju Life Naturaviva<\/strong> za raziskovalno nalogo Leje Planko in Ane Mastnak &#8211; Raziskovanje cvetnega prahu na Kozjanskem&nbsp;<\/span><\/p>\n<p style=\"font-weight: 400\"><span style=\"color: #339966\"><strong>Fotonate\u010daj Pisana biodiverziteta (Life naturaviva in Nacionalni in\u0161titut za biologijo):<\/strong><\/span><\/p>\n<p><span style=\"color: #339966\">Kategorija GOZD<\/span><\/p>\n<ol>\n<li><span style=\"color: #339966\">mesto: Tinkara Bevc, Gobice na pladnju<\/span><\/li>\n<li><span style=\"color: #339966\">mesto: Monika Opre\u0161nik, Naravna \u010darovnija<\/span><\/li>\n<li><span style=\"color: #339966\">mesto si delita: Jure Arzen\u0161ek, Son\u010denje in Sara Gril, Javorjeve plasti<\/span><\/li>\n<\/ol>\n<p><span style=\"color: #339966\">Kategorija TRAVNIK<\/span><\/p>\n<ol>\n<li><span style=\"color: #339966\">mesto: Ne\u017ea pacek, Po\u010divaj v miru zaj\u010dek<\/span><\/li>\n<li><span style=\"color: #339966\">mesto: Nika Bevc, Travni\u0161ka brada v svojem sijaju<\/span><\/li>\n<li><span style=\"color: #339966\">mesto: Taja Drobne, Ljubljenke starih in mladih<\/span><\/li>\n<\/ol>\n<p><span style=\"color: #339966\">Kategorija VODE<\/span><\/p>\n<ol>\n<li><span style=\"color: #339966\">mesto: Tian Voga, Voda vir \u017eivljenja<\/span><\/li>\n<li><span style=\"color: #339966\">mesto: Tinkara Breg, Srebrne kapljice<\/span><\/li>\n<li><span style=\"color: #339966\">mesto: Monika Opre\u0161nik, Jesen pod vodo<\/span><\/li>\n<\/ol>\n<p><span style=\"color: #339966\"><strong>Fotonate\u010daj&nbsp;Biodiverziteta &#8211; umetnost \u017eivljenja 2021 (Kozjanski park)<\/strong><\/span><\/p>\n<p><span style=\"color: #339966\">PRIZNANJA:<\/span><\/p>\n<p><span style=\"color: #339966\">kategorija krajina &#8211; David Zalokar<\/span><\/p>\n<p><span style=\"color: #339966\">kategorija ne\u017eivi svet &#8211; Taja Arli\u010d<\/span><\/p>\n<p><span style=\"color: #339966\">kategorija ljudje in kultura &#8211; Jure Arzen\u0161ek in Manca Kupec Arzen\u0161ek<\/span><\/p>\n<p><span style=\"color: #339966\">Kategorija najbolj izviren naslov: Julija Petek<\/span><\/p>\n<p><span style=\"color: #339966\">najbolj\u0161a avtorica do 15 let: Sara Gril<\/span><\/p>\n<p><span style=\"color: #339966\"><strong>Fotonate\u010daj&nbsp;Mladost ni norost 2022 (Digitalni fotoklub&nbsp;Celje in Fotografska zveza Slovenije)<\/strong><\/span><\/p>\n<ol>\n<li><span style=\"color: #339966\">najbolj\u0161a \u0161ola med O\u0160<\/span><\/li>\n<li><span style=\"color: #339966\">naj avtorica<\/span><\/li>\n<\/ol>\n<p><span style=\"color: #339966\">Sara Gril &#8211; bronasta medalja Fotografske zveze Slovenije<\/span><\/p>\n<p><span style=\"color: #339966\">Maja Arzen\u0161ek &#8211; Diploma Fotografske zveze Slovenije<\/span><\/p>\n<p><span style=\"color: #339966\"><em><strong>Literarni nate\u010daj: Moja domovina &#8211; hodim po na\u0161i rodovitni zemlji<\/strong><\/em><\/span><\/p>\n<p><span style=\"color: #339966\">Zlato priznanje: Monika Opre\u0161nik, 6. b; Ema Skale, 8. b in Lucija Verk, 8. b<\/span><\/p>\n<p><span style=\"color: #339966\">Srebrno priznanje: Eva Steiner, 6. b; Ur\u0161ka Verk, 6. b<\/span><\/p>\n<p><span style=\"color: #339966\">&nbsp;<em><strong>Priznanje za matemati\u010dno tekmovanje Bober: Gorica pri Slivnici, 11. 11. 2021<\/strong><\/em><\/span><\/p>\n<p><span style=\"color: #339966\">Alja\u017e Leni\u010d, Vid Leskov\u0161ek, Nick Novak, Suzana Novak, Anja Polen\u0161ek, O\u017ebej Pu\u0161nik, Ana Zalokar, Zoja \u017durej\u2014vsi 2. r.<\/span><\/p>\n<p>&nbsp;<\/p>\n<p><span style=\"color: #339966\">&nbsp;<\/span><\/p>\n<p>&nbsp;<\/p>\n","protected":false},"excerpt":{"rendered":"<p>Ostali dose\u017eki v \u0161olskem letu 2024\/2025 Pohvale ob koncu \u0161olskega leta: 24. 6. 2025 Mati\u010dna \u0161ola: 9. razred: Tinkara Mastnak, Alen Ocvirk, Bla\u0161ka Vinkler, Denis Vidergar, Leja Loknar, Taja Arli\u010d, Ur\u0161ka Verk, Zala Voga Slaten\u0161ek, \u0160pela Skale, Nik Gaj\u0161ek, Gal Dober\u0161ek 8. razred: Timon Jelen, Manca Kupec Arzen\u0161ek, Kiara Kolar, Julija Petek, Klemen Trobec, David [&hellip;]<\/p>\n","protected":false},"author":351,"featured_media":0,"parent":0,"menu_order":0,"comment_status":"closed","ping_status":"closed","template":"","meta":{"_et_pb_use_builder":"","_et_pb_old_content":"","_et_gb_content_width":"","ngg_post_thumbnail":0,"footnotes":"","_expiration-date-status":"","_expiration-date":0,"_expiration-date-type":"","_expiration-date-categories":[],"_expiration-date-options":[]},"class_list":["post-819","page","type-page","status-publish","hentry"],"_links":{"self":[{"href":"https:\/\/slivnica.si\/index.php?rest_route=\/wp\/v2\/pages\/819","targetHints":{"allow":["GET"]}}],"collection":[{"href":"https:\/\/slivnica.si\/index.php?rest_route=\/wp\/v2\/pages"}],"about":[{"href":"https:\/\/slivnica.si\/index.php?rest_route=\/wp\/v2\/types\/page"}],"author":[{"embeddable":true,"href":"https:\/\/slivnica.si\/index.php?rest_route=\/wp\/v2\/users\/351"}],"replies":[{"embeddable":true,"href":"https:\/\/slivnica.si\/index.php?rest_route=%2Fwp%2Fv2%2Fcomments&post=819"}],"version-history":[{"count":17,"href":"https:\/\/slivnica.si\/index.php?rest_route=\/wp\/v2\/pages\/819\/revisions"}],"predecessor-version":[{"id":30604,"href":"https:\/\/slivnica.si\/index.php?rest_route=\/wp\/v2\/pages\/819\/revisions\/30604"}],"wp:attachment":[{"href":"https:\/\/slivnica.si\/index.php?rest_route=%2Fwp%2Fv2%2Fmedia&parent=819"}],"curies":[{"name":"wp","href":"https:\/\/api.w.org\/{rel}","templated":true}]}}