{"id":817,"date":"2015-10-04T13:59:17","date_gmt":"2015-10-04T11:59:17","guid":{"rendered":"http:\/\/slivnica.splet.arnes.si\/?page_id=817"},"modified":"2025-10-02T20:20:27","modified_gmt":"2025-10-02T18:20:27","slug":"sportni-dosezki","status":"publish","type":"page","link":"https:\/\/slivnica.si\/?page_id=817","title":{"rendered":"\u0160portni dose\u017eki"},"content":{"rendered":"<div>\n<h3>\u0160OLSKO LETO 2025\/2026<\/h3>\n<div><em><strong>Medob\u010dinsko tekmovanje v jesenskem krosu, \u0160entjur:&nbsp; 1. 10. 2025<\/strong><\/em><\/div>\n<div>\n<div><em>1. mesto: Ema Jurjovec in O\u017ebej Pu\u0161nik iz 6. razreda&nbsp;<\/em><\/div>\n<div>3. mesto: u\u010denci in u\u010denke skupno<\/div>\n<div>&nbsp;<\/div>\n<\/div>\n<div>\n<div>\n<div><em><strong>Medob\u010dinsko tekmovanje v malem nogometu za starej\u0161e u\u010dence, Ponikva: 23. 9. 2025<\/strong><\/em><\/div>\n<div>\n<div><em>3. mesto: <span style=\"font-weight: 400\">\u017dan Leskov\u0161ek, David Zalokar, Matic \u0160raml-Rebernik, Jaka Kodri\u010d iz 9. razreda; Timotej Aman, Patrik Kupec, Matic Loknar iz 8. razreda in O\u017ebej Pu\u0161nik<\/span> iz 6. razreda.<\/em><\/div>\n<\/div>\n<\/div>\n<div>&nbsp;<\/div>\n<\/div>\n<div><em><strong>Ob\u010dinsko tekmovanje v malem nogometu za starej\u0161e u\u010denke, Planina pri Sevnici:&nbsp; 18. 9. 2025<\/strong><\/em><\/div>\n<div>\n<div><em>3. mesto: Klara Arli\u010d iz 8. razreda; Alina Centrih, Nika Bevc, Tinkara Bevc, Ajda Hernaus, Gloria \u0160elih iz 7. razreda; Ana Zalokar in Sara Artnjak iz 6. razreda.<\/em><\/div>\n<\/div>\n<\/div>\n<div>&#8212;&#8212;&#8212;&#8212;&#8212;&#8212;&#8212;&#8212;&#8212;&#8212;&#8212;&#8212;&#8212;&#8212;&#8212;&#8212;&#8212;&#8212;&#8212;&#8212;&#8212;&#8212;&#8212;&#8212;&#8212;&#8212;&#8212;&#8212;&#8212;&#8212;&#8212;&#8212;&#8212;&#8212;&#8212;&#8212;&#8212;&#8212;&#8212;&#8212;&#8212;&#8212;&#8212;&#8212;&#8212;&#8212;&#8212;&#8212;&#8212;&#8212;&#8212;&#8212;&#8212;&#8212;&#8212;<\/div>\n<div>\n<h3>\u0160OLSKO LETO 2024\/2025<\/h3>\n<\/div>\n<div>\n<div>\n<div>\n<div>\n<div>\n<div>\n<div>\n<div>\n<div>\n<div>\n<div>\n<div><em><strong>Medob\u010dinsko tekmovanje v atletskem troboju, \u0160entjur: 28. 5. 2025<\/strong><\/em><\/div>\n<div>\n<div><em>1. mesto: ekipa u\u010dencev (Gaj Pangerl, Tai Vojsk, Vid Vuga, Erazem Cesar, O\u017ebej Pu\u0161nik<\/em><\/div>\n<div><em>2. mesto: ekipa u\u010denk ( Ne\u017ea Vuga, Zarja Aman, Ana Zalokar, Ema Jurjovec, Sara Gril)<\/em><\/div>\n<div>&nbsp;<\/div>\n<\/div>\n<p><em><strong>Podro\u010dno tekmovanje v atletiki, veliki in mali atletski pokal, Celje: 27. 5. 2025<\/strong><\/em><\/p>\n<\/div>\n<div>\n<div><em>5. mesto:&nbsp;<\/em><em>Brina Gaj\u0161ek (daljina)<\/em><\/div>\n<div><em>7. mesto: Ajda Hernaus (vorteks)<\/em><\/div>\n<\/div>\n<\/div>\n<div>&nbsp;<\/div>\n<div><em><strong>Medob\u010dinsko tekmovanje v odbojki na mivki za u\u010dence, \u0160entjur: 29. 5. 2025<\/strong><\/em><\/div>\n<div>\n<div><em>4. mesto: Jan Tr\u017ean, David Zalokar, Matic \u0160raml &#8211; Rebernik in \u017dan Leskov\u0161ek iz 8. razreda<\/em><\/div>\n<\/div>\n<\/div>\n<div>&nbsp;<\/div>\n<\/div>\n<div><em><strong>Medob\u010dinsko tekmovanje v odbojki na mivki za u\u010denke, Dramlje: 26. 5. 2025<\/strong><\/em><\/div>\n<div>\n<div><em>3. mesto: Ajda Hernaus, Gloria \u0160elih, Alina Centrih iz 6. razreda in Eva Kolar iz 7. razreda<\/em><\/div>\n<\/div>\n<\/div>\n<div>&nbsp;<\/div>\n<\/div>\n<div>\n<div><em><strong>Medob\u010dinsko tekmovanje v atletiki, veliki in mali atletski pokal, \u0160entjur: 21. 5. 2025<\/strong><\/em><\/div>\n<div>\n<div><em>1. mesto: Denis Vidergar (krogla), Luka Kraj\u0161ek (600 m), Timotej Aman (vorteks), Brina Gaj\u0161ek (daljina), Gloria \u0160elih (60 m)<\/em><\/div>\n<div><em>2. mesto: Anej Tai Antlej (60 m), Ajda Hernaus (vorteks)<\/em><\/div>\n<div><em>3. mesto: \u017danluk Bel\u0161ak Tifengraber (vorteks), Adrian \u0160poljar (60 m), O\u017ebej Pu\u0161nik (600 m)<\/em><\/div>\n<\/div>\n<\/div>\n<div>&nbsp;<\/div>\n<\/div>\n<div>\n<div>\n<div>\n<div><em><strong>Podro\u010dno tekmovanje v nogometu za mlaj\u0161e u\u010denke, Celje: 23. 4. 2025<\/strong><\/em><\/div>\n<div>\n<div><em>4. mesto: Sara Artnjak in Ana Zalokar iz 5. razreda; Ajda Hernaus, Gloria \u0160elih in Alina Centrih iz 6. razreda ter Jerneja Salobir in Klara Arli\u010d iz 7. razreda<\/em><\/div>\n<\/div>\n<\/div>\n<div>&nbsp;<\/div>\n<\/div>\n<div><em><strong>Medob\u010dinsko tekmovanje v nogometu za mlaj\u0161e u\u010denke, Loka pri \u017dusmu: 14. 4. 2025<\/strong><\/em><\/div>\n<div>\n<div><em>1. mesto: Sara Artnjak in Ana Zalokar iz 5. razreda; Ajda Hernaus, Gloria \u0160elih, Zoja Leskov\u0161ek in Alina Centrih iz 6. razreda ter Jerneja Salobir iz 7. razreda<\/em><\/div>\n<\/div>\n<\/div>\n<div>&nbsp;<\/div>\n<div><em><strong>Medob\u010dinsko tekmovanje v nogometu za mlaj\u0161e u\u010dence, Dramlje:&nbsp; 9. 4. 2025<\/strong><\/em><\/div>\n<div>\n<div><em>3. mesto: O\u017ebej Pu\u0161nik in Tai Vojsk iz 5. razreda; Nik Avbelj in Nik Zorko iz 6. razreda ter Timotej Aman, Patrik Kupec,&nbsp; Matic Loknar in Alja\u017e Pacek iz 7. razreda<\/em><\/div>\n<\/div>\n<\/div>\n<div>&nbsp;<\/div>\n<div><em><strong>Medob\u010dinsko tekmovanje v spomladanskem krosu, Gorica pri Slivnici:&nbsp; 8. 4. 2025<\/strong><\/em><\/div>\n<div>\n<div><em>1. mesto: O\u017ebej Pu\u0161nik, 5. razred<\/em><\/div>\n<div><em>1. mesto: Luka Kraj\u0161ek, 7. razred<\/em><\/div>\n<div><em>3. mesto: Eva Kolar, 7. razred<\/em><\/div>\n<\/div>\n<\/div>\n<div>&nbsp;<\/div>\n<div><em><strong>Medob\u010dinsko tekmovanje v mali odbojki za mlaj\u0161e u\u010denke, Hru\u0161evec:&nbsp; 14. 3. 2025<\/strong><\/em><\/div>\n<div>\n<div><em>2. mesto: Nika Bevc, Alina Centrih, Ajda Hernaus, Gloria \u0160elih iz 6. razreda ter Eva Kolar, Ne\u017ea Ti\u010der, Jerneja Salobir in Klara Arli\u010d iz 7. razreda<\/em><\/div>\n<\/div>\n<\/div>\n<div>&nbsp;<\/div>\n<div><em><strong>Medob\u010dinsko tekmovanje v mali odbojki za mlaj\u0161e u\u010dence, Hru\u0161evec:&nbsp; 13. 3. 2025<\/strong><\/em><\/div>\n<div>\n<div><em>4. mesto: Nik Zorko in Nik Avbelj iz 6. razreda ter Patrik Kupec, Alja\u017e Pacek, Luka Kraj\u0161ek, Timotej Aman, Jaka \u0160entjurc in Anej Tai Antlej iz 7. razreda<\/em><\/div>\n<\/div>\n<\/div>\n<div>&nbsp;<\/div>\n<div>\n<div><em><strong>Dr\u017eavno tekmovanje v lokostrelstvu, Vojnik: 1. 3. 2025<\/strong><\/em><\/div>\n<div>\n<div><em>6. mesto: Zarja Aman, 4. razred (kategorija goli lok- u\u010denke od 4. do 6. razreda)<\/em><\/div>\n<div><em>13. mesto: Melanija Zidanski, 8. razred (kategorija goli lok- u\u010denke od 7. do 9. razreda)<\/em><\/div>\n<div>&nbsp;<\/div>\n<\/div>\n<\/div>\n<div><em><strong>Podro\u010dno tekmovanje v lokostrelstvu &#8211; vzhod, Gri\u017ee:&nbsp; 1. 2. 2025<\/strong><\/em><\/div>\n<div>\n<div><em>1. mesto: Zarja Aman, 4. razred (kategorija goli lok- u\u010denke od 4. do 6. razreda)<\/em><\/div>\n<div><em>1. mesto: Melanija Zidanski, 8. razred (kategorija goli lok- u\u010denke od 7. do 9. razreda)<\/em><\/div>\n<div>6. mesto: Tibor Zidanski, 4. razred <em>(kategorija goli lok- u\u010denci od 4. do 6. razreda)<\/em><\/div>\n<div>10. mesto: Timotej Aman, 7. razred <em>(kategorija ukrivljeni lok- u\u010denci od 7. do 9. razreda)<\/em><\/div>\n<div><em><strong>Vsi u\u010denci so se uvrstili na dr\u017eavno tekmovanje, ki bo meseca marca v Vojniku.<\/strong><\/em><\/div>\n<\/div>\n<div>&nbsp;<\/div>\n<div>\n<div><em><strong>Medob\u010dinsko tekmovanje v odbojki za starej\u0161e u\u010denke, Planina pri Sevnici:&nbsp; 11. 12. 2024<\/strong><\/em><\/div>\n<div>\n<div><em>3. mesto: Pia Peperko, Brina Gaj\u0161ek, Tinkara Mastnak, \u0160pela Skale, Leja Loknar, Maja Arzen\u0161ek vse iz 9. razreda ter Ajda Hernaus in Zoja Leskov\u0161ek iz 6. razreda<\/em><\/div>\n<\/div>\n<\/div>\n<div>&nbsp;<\/div>\n<div>\n<div><em><strong>Medob\u010dinsko tekmovanje v odbojki za starej\u0161e u\u010dence, Ponikva:&nbsp; 5. 12. 2024<\/strong><\/em><\/div>\n<div>\n<div><em>1. mesto: Nik in Jan Gunzek, An\u017ee Leskov\u0161ek, Matic Pi\u0161ek, Tian Voga, Gal Dober\u0161ek vsi iz 9. razreda ter David Zalokar in \u017dan Leskov\u0161ek iz 8. razreda<\/em><\/div>\n<div><em>U\u010denci so se udele\u017eili podro\u010dnega tekmovanja v Slovenskih Konjicah, 16. 12. 2025 ter dosegli 5.- 8. mesto.<\/em><\/div>\n<\/div>\n<\/div>\n<div>&nbsp;<\/div>\n<div>\n<div><em><strong>Medob\u010dinsko tekmovanje v rokometu za starej\u0161e u\u010dence, Ponikva:&nbsp; 6. 11. 2024<\/strong><\/em><\/div>\n<div>\n<div><em>3. mesto: Nik in Jan Gunzek, An\u017ee Leskov\u0161ek, Matic Pi\u0161ek, Tian Voga, Gal Dober\u0161ek, Alen Ocvirk in \u017danluk Bel\u0161ak Tifengraber vsi iz 9. razreda.<\/em><\/div>\n<\/div>\n<\/div>\n<div>&nbsp;<\/div>\n<div>\n<div><em><strong>Podro\u010dno tekmovanje v ko\u0161arki za starej\u0161e u\u010dence, Slovenske Konjice:&nbsp; 5. 11. 2024<\/strong><\/em><\/div>\n<div>\n<div><em>3. mesto: Nik in Jan Gunzek, An\u017ee Leskov\u0161ek, Matic Pi\u0161ek, Tian Voga, Jure Arzen\u0161ek, \u017danluk Bel\u0161ak Tifengraber, Gal Dober\u0161ek, Nik Gaj\u0161ek vsi iz 9. razreda ter David Zalokar<\/em><em>, Jan Tr\u017ean<\/em><em>&nbsp;in \u017dan Leskov\u0161ek iz 8. razreda<\/em><\/div>\n<div>&nbsp;<\/div>\n<\/div>\n<div>\n<div><em><strong>Ob\u010dinsko tekmovanje v ko\u0161arki za starej\u0161e u\u010dence, \u0160entjur:&nbsp; 24. 10. 2024<\/strong><\/em><\/div>\n<div>\n<div><em>2. mesto: Nik in Jan Gunzek, An\u017ee Leskov\u0161ek, Matic Pi\u0161ek, Tian Voga, Jure Arzen\u0161ek, \u017danluk Bel\u0161ak Tifengraber, Gal Dober\u0161ek, Nik Gaj\u0161ek vsi iz 9. razreda ter David Zalokar in \u017dan Leskov\u0161ek iz 8. razreda<\/em><\/div>\n<div>&nbsp;<\/div>\n<\/div>\n<div><em><strong>Medob\u010dinsko tekmovanje v jesenskem krosu, \u0160entjur:&nbsp; 9. 10. 2024<\/strong><\/em><\/div>\n<div>\n<div><em>1. mesto: Ema Jurjovec in O\u017ebej Pu\u0161nik iz 5. razreda&nbsp;<\/em><\/div>\n<div>2. mesto: Taja Drobne iz 9. razreda<\/div>\n<div>3. mesto: Klara Arli\u010d in Luka Kraj\u0161ek oba iz 7. razreda ter Denis Vidergar iz 9. razreda<\/div>\n<div>&nbsp;<\/div>\n<\/div>\n<div>\n<div><em><strong>Podro\u010dno tekmovanje v malem nogometu za starej\u0161e u\u010dence, Planina pri Sevnici:&nbsp; 19. 9. 2024<\/strong><\/em><\/div>\n<div>\n<div><em>1. mesto: Nik in Jan Gunzek, An\u017ee Leskov\u0161ek, Matic Pi\u0161ek, Gal Dober\u0161ek, Tian Voga vsi iz 9. razreda ter \u017dan Leskov\u0161ek in David Zalokar iz 8. razreda.<\/em><\/div>\n<div>&nbsp;<\/div>\n<\/div>\n<\/div>\n<div><em><strong>Podro\u010dno tekmovanje v odbojki na mivki za u\u010dence, Celje:&nbsp; 6. 9. 2024<\/strong><\/em><\/div>\n<div>\n<div><em>4. mesto: Nik in Jan Gunzek, An\u017ee Leskov\u0161ek, Matic Pi\u0161ek vsi iz 9. razreda<\/em><\/div>\n<\/div>\n<\/div>\n<\/div>\n","protected":false},"excerpt":{"rendered":"<p>\u0160OLSKO LETO 2025\/2026 Medob\u010dinsko tekmovanje v jesenskem krosu, \u0160entjur:&nbsp; 1. 10. 2025 1. mesto: Ema Jurjovec in O\u017ebej Pu\u0161nik iz 6. razreda&nbsp; 3. mesto: u\u010denci in u\u010denke skupno &nbsp; Medob\u010dinsko tekmovanje v malem nogometu za starej\u0161e u\u010dence, Ponikva: 23. 9. 2025 3. mesto: \u017dan Leskov\u0161ek, David Zalokar, Matic \u0160raml-Rebernik, Jaka Kodri\u010d iz 9. razreda; Timotej [&hellip;]<\/p>\n","protected":false},"author":351,"featured_media":0,"parent":0,"menu_order":0,"comment_status":"closed","ping_status":"closed","template":"","meta":{"_et_pb_use_builder":"","_et_pb_old_content":"","_et_gb_content_width":"","ngg_post_thumbnail":0,"footnotes":"","_expiration-date-status":"","_expiration-date":0,"_expiration-date-type":"","_expiration-date-categories":[],"_expiration-date-options":[]},"class_list":["post-817","page","type-page","status-publish","hentry"],"_links":{"self":[{"href":"https:\/\/slivnica.si\/index.php?rest_route=\/wp\/v2\/pages\/817","targetHints":{"allow":["GET"]}}],"collection":[{"href":"https:\/\/slivnica.si\/index.php?rest_route=\/wp\/v2\/pages"}],"about":[{"href":"https:\/\/slivnica.si\/index.php?rest_route=\/wp\/v2\/types\/page"}],"author":[{"embeddable":true,"href":"https:\/\/slivnica.si\/index.php?rest_route=\/wp\/v2\/users\/351"}],"replies":[{"embeddable":true,"href":"https:\/\/slivnica.si\/index.php?rest_route=%2Fwp%2Fv2%2Fcomments&post=817"}],"version-history":[{"count":17,"href":"https:\/\/slivnica.si\/index.php?rest_route=\/wp\/v2\/pages\/817\/revisions"}],"predecessor-version":[{"id":31052,"href":"https:\/\/slivnica.si\/index.php?rest_route=\/wp\/v2\/pages\/817\/revisions\/31052"}],"wp:attachment":[{"href":"https:\/\/slivnica.si\/index.php?rest_route=%2Fwp%2Fv2%2Fmedia&parent=817"}],"curies":[{"name":"wp","href":"https:\/\/api.w.org\/{rel}","templated":true}]}}