{"id":815,"date":"2015-10-04T13:58:47","date_gmt":"2015-10-04T11:58:47","guid":{"rendered":"http:\/\/slivnica.splet.arnes.si\/?page_id=815"},"modified":"2025-06-05T13:04:43","modified_gmt":"2025-06-05T11:04:43","slug":"zlata-priznanja","status":"publish","type":"page","link":"https:\/\/slivnica.si\/?page_id=815","title":{"rendered":"Zlata priznanja"},"content":{"rendered":"<p>[et_pb_section fb_built=&#8221;1&#8243; admin_label=&#8221;section&#8221; _builder_version=&#8221;4.16&#8243; global_colors_info=&#8221;{}&#8221;][et_pb_row admin_label=&#8221;row&#8221; _builder_version=&#8221;4.16&#8243; background_size=&#8221;initial&#8221; background_position=&#8221;top_left&#8221; background_repeat=&#8221;repeat&#8221; global_colors_info=&#8221;{}&#8221;][et_pb_column type=&#8221;4_4&#8243; _builder_version=&#8221;4.16&#8243; custom_padding=&#8221;|||&#8221; global_colors_info=&#8221;{}&#8221; custom_padding__hover=&#8221;|||&#8221;][et_pb_text admin_label=&#8221;Text&#8221; _builder_version=&#8221;4.27.0&#8243; background_size=&#8221;initial&#8221; background_position=&#8221;top_left&#8221; background_repeat=&#8221;repeat&#8221; hover_enabled=&#8221;0&#8243; global_colors_info=&#8221;{}&#8221; sticky_enabled=&#8221;0&#8243;]<\/p>\n<h3><span style=\"color: #000000\">Zlata priznanja v \u0161olskem letu 2024\/2025<\/span><\/h3>\n<div><em><span style=\"color: #000000;font-family: 'Open Sans', Verdana, Helvetica, Arial, sans-serif\"><strong><b>Dr\u017eavno tekmovanja iz Logi\u010dne po\u0161asti, 24. 5. 2025, <\/b><\/strong><\/span><\/em><em><span style=\"color: #000000;font-family: 'Open Sans', Verdana, Helvetica, Arial, sans-serif\"><strong><b>Slovenske Konjice<\/b><\/strong><\/span><\/em><em><span style=\"color: #000000;font-family: 'Open Sans', Verdana, Helvetica, Arial, sans-serif\"><strong><b>:<\/b><\/strong><\/span><\/em><\/div>\n<div>\n<div>\n<div>Gloria Klav\u017ear (1.r., P\u0160 Prevorje)<\/div>\n<div>Franci Lipnik&nbsp; (4.r., P\u0160 Loka pri \u017dusmu)<\/div>\n<div>Zarja Aman&nbsp; (4.r., mati\u010dna \u0161ola)<\/div>\n<div>&nbsp;<\/div>\n<\/div>\n<div>\n<h3><em><span style=\"color: #000000\">Zlata priznanja v \u0161olskem letu 2023\/2024<\/span><\/em><\/h3>\n<\/div>\n<\/div>\n<div>\n<div><em><span style=\"color: #000000;font-family: 'Open Sans', Verdana, Helvetica, Arial, sans-serif\"><strong><b>27. Mednarodni razpis za likovna dela otrok na temo Jaz v ogledalu, ki ga organizira Muzej novej\u0161e zgodovine Celje:<\/b><\/strong><\/span><\/em><\/div>\n<div>\n<div><em>4. razred: Sara Artnjak<\/em><\/div>\n<div><em>&nbsp;<\/em><\/div>\n<\/div>\n<\/div>\n<div>\n<div><em><strong><span style=\"font-size: large\">Angle\u0161ka bralna zna\u010dka<\/span><\/strong><\/em><\/div>\n<div>\n<div><em>4. razred: Eva Jelen, Sara Artnjak, Suzana Novak, Anja Polen\u0161ek, Ana Zalokar, Sara Gril, Erazem Cesar, Zala Bobek, Zvonko Vidergar<\/em><\/div>\n<div><em>5. razred: Nik Avbelj, Benjamin Jurko\u0161ek, An\u017ee Hostnik, Alina Platov\u0161ek, Adrijan \u0160poljar, Zoja Leskov\u0161ek, Gloria \u0160elih, Ajda Hernaus, Ajda Pol\u0161ak, Alina Centrih, Karin Su\u0161ec<\/em><\/div>\n<div><em>6. razred: Ne\u017ea Johan, Eva Polen\u0161ek, Jan Reber\u0161ak, Anej Tai Antlej, Florijan Bratec, Bor Jezov\u0161ek, Luka Kraj\u0161ek, Ne\u017ea Ti\u010der, Jaka \u0160entjurc<\/em><\/div>\n<div><em>7. razred: Klemen Trobec, Jaka Kodri\u010d, Manca Kupec Arzen\u0161ek, Julija Petek, Timon Jelen, Melanija Zidanski<\/em><\/div>\n<div><em>8. razred: Ur\u0161ka Verk<\/em><\/div>\n<div><em>9. razred: Nina Jagodi\u010d<\/em><\/div>\n<\/div>\n<\/div>\n<div><em>&nbsp;<\/em><\/div>\n<div>\n<div><em><strong><span style=\"font-size: large\">Nem\u0161ka bralna zna\u010dka<\/span><\/strong><\/em><\/div>\n<div>\n<div><em>7. razred: Jaka Kodri\u010d, Manca Kupec Arzen\u0161ek, Julija Petek, Melanija Zidanski, Kiara Kolar<\/em><\/div>\n<div><em>8. razred: Alen Ocvirk<\/em><\/div>\n<div><em>9. razred: \u017dana Skale Mastnak, Alisa Platov\u0161ek, Maja Sterku\u0161, Zala Jelen<\/em><\/div>\n<\/div>\n<\/div>\n<div><em>&nbsp;<\/em><\/div>\n<div><em><strong><span style=\"font-size: large\">Dr\u017eavno tekmovanje iz Logi\u010dne po\u0161asti; Dobje pri Planini, 25. 5. 2024:<\/span><\/strong><\/em><\/div>\n<div>\n<div><em>Zarja Aman 3.a<\/em><\/div>\n<div><em>&nbsp;<\/em><\/div>\n<\/div>\n<div>\n<div><em><span style=\"color: #000000\"><strong>Dr\u017eavno VIDEO tekmovanje iz znanja angle\u0161\u010dine za u\u010dence 7. razreda osnovne \u0161ole, 21. 3. 2024, na spletu:<\/strong><br \/><\/span><\/em><\/div>\n<div><em><span style=\"color: #000000\">Tia Ivanjko, Timon Jelen, Manca Kupec Arzen\u0161ek, Klemen Trobec ~ f<\/span>ilm\u010dek&nbsp;All For One, One For All!&nbsp;<\/em><\/div>\n<\/div>\n<h3><em>&nbsp;<\/em><\/h3>\n<h3><em><span style=\"color: #000000\">Zlata priznanja v \u0161olskem letu 2022\/2023<\/span><\/em><\/h3>\n<div>\n<div>\n<div>\n<div><em><span style=\"color: #000000\">&nbsp;<\/span>Nem\u0161ka bralna zna\u010dka: april\/ maj 2023<\/em><\/div>\n<\/div>\n<div><em><span style=\"color: #000000\">8. razred: Zala Jelen, \u017dana Skale Mastnak, Maja Sterku\u0161, Alisa Platov\u0161ek<\/span><\/em><\/div>\n<div><em>9. razred: Miha Mastnak<\/em><\/div>\n<\/div>\n<div>&nbsp;<\/div>\n<div><em><span style=\"color: #000000\">&nbsp;<\/span>Angle\u0161ka bralna zna\u010dka: april\/ maj 2023<\/em><\/div>\n<\/div>\n<div><em><span style=\"color: #000000\">4. razred: Zoja Leskov\u0161ek, An\u017ee Hostnik, Benjamin Jurko\u0161ek, Nik Zorko, Ajda Hernaus, Gloria \u0160elih, Nik Avbelj, Adrian \u0160poljar, Alina Centrih, Luka Guzej, Karin Su\u0161ec<\/span><\/em><\/div>\n<div><em>5. razred: Ne\u017ea Johan, Eva Polen\u0161ek, Jan Reber\u0161ak, Luka Kraj\u0161ek, Jaka \u0160entjurc, Ula \u010cuje\u0161, Timotej Aman, Florjan Bratec, Eva Kolar, Jerneja Salobir, Maj Dimec, Martina Gril, Klara Arli\u010d, <span style=\"color: #000000\">An\u017ee Vidovi\u010d, Ne\u017ea Ti\u010der, Matic Loknar<\/span><\/em><\/div>\n<div><em>6. razred: Timon Jelen, Klemen Trobec, \u017dan Leskov\u0161ek, jaka Kodri\u010d, Tia Ivanjko, Julija Petek, \u017dan \u0160mid<\/em><\/div>\n<div><em>7. razred: Bla\u017e Kladnik, Brina Gaj\u0161ek, Tinkara Mastnak, Alen Ocvirk, Lara Pertina\u010d, Jan Gunzek<\/em><\/div>\n<div><em><span style=\"color: #000000\">8. razred: \u017dana Skale Mastnak, Maja Sterku\u0161, Nina Jagodi\u010d<\/span><\/em><\/div>\n<div><em>9. razred: Kristina Tr\u017ean, Lucija Verk, Nik Kraj\u0161ek<\/em><\/div>\n<h3>&nbsp;<\/h3>\n<h3><span style=\"color: #000000\"><span style=\"color: #0000ff\">Zlata priznanja v \u0161olskem letu 2021\/2022<\/span><\/span><\/h3>\n<p><span style=\"color: #0000ff\"><em><strong>Dr\u017eavno tekmovanje za Preglovo priznanje iz kemije: 7. maj 2022<br \/><\/strong><\/em>Larisa Mastnak\u20149. razred<\/span><\/p>\n<p><span style=\"color: #0000ff\"><em><strong>Angle\u0161ka bralna zna\u010dka<\/strong><\/em>Ne\u017ea Johan, Eva Polen\u0161ek, Ula \u010cuje\u0161, Jan Reber\u0161ak, Luka Kraj\u0161ek, Jaka \u0160entjurc, Florijan Bratec, Timotej Aman, Jerneja Salobir, Eva Kolar, Maj Dimec, Tina Gril, Klara Arli\u010d, Matic Loknar, Ne\u017ea Ti\u010der, An\u017ee Vidovi\u010d\u20144. r<\/span><\/p>\n<div><span style=\"color: #0000ff\">Jaka Kodri\u010d, Kiara Kolar, Manca Kupec Arzen\u0161ek, Klemen Trobec, Jan Tr\u017ean, David Zalokar, Tia Ivanjko, Alen Dobnik, Timon Jelen, Kristjan Kri\u017ean, \u017dan \u0160mid, \u017dan Leskov\u0161ek, \u017dana Melan\u0161ek\u20145. r<\/span><\/div>\n<div><span style=\"color: #0000ff\">Jan Gunzek, Matic Podhra\u0161ki, Brina Gaj\u0161ek, Lara Pertina\u010d, \u017danluk Bel\u0161ak Tifengraber, Tinkara Mastnak, Alen Ocvirk\u20146.r<\/span><\/div>\n<div><span style=\"color: #0000ff\">\u017dana Skale Mastnak, Eva Megli\u010d, Maja Sterku\u0161, \u017dan Pertina\u010d\u20147. r<\/span><\/div>\n<div><span style=\"color: #0000ff\">Eva U\u017emah, Timej Novak, Sara Tan\u0161ek\u20149. r<\/span><\/div>\n<div>&nbsp;<\/div>\n<div>\n<p><span style=\"color: #0000ff\"><em><strong>Nem\u0161ka bralna zna\u010dka<\/strong><\/em><\/span><\/p>\n<div>\n<div><span style=\"color: #0000ff\">Eva Polen\u0161ek\u20144. r<\/span><\/div>\n<div><span style=\"color: #0000ff\">Kiara Kolar, Manca Kupec Arzen\u0161ek, David Zalokar\u20145. r<\/span><\/div>\n<div><span style=\"color: #0000ff\">Leja Loknar, Alen Ocvirk, Tea Holcinger, Pia Peperko\u20149. r<\/span><\/div>\n<\/div>\n<div><span style=\"color: #0000ff\">\u017dana Skale Mastnak\u20147. r<\/span><\/div>\n<div><span style=\"color: #0000ff\">Miha Mastnak\u20148. r<\/span><\/div>\n<div><span style=\"color: #0000ff\">Larisa Mastnak, Eva U\u017emah, Kiara Turn\u0161ek\u20149. r<\/span><\/div>\n<div>&nbsp;<\/div>\n<div><span style=\"color: #0000ff\"><em><strong>Dr\u017eavno tekmovanje &#8211; Logi\u010dna po\u0161ast: 25. 5. 2022<\/strong><\/em><\/span><\/div>\n<\/div>\n<div><span style=\"color: #0000ff\">Franci Lipnik, Zarja Aman, Mija Kos\u20141. r<\/span><\/div>\n<div><span style=\"color: #0000ff\">Eva Polen\u0161ek\u20144.r<\/span><\/div>\n<div><span style=\"color: #0000ff\">Ana Bobnar\u20148.r<\/span><\/div>\n<p>&nbsp;<\/p>\n<p><span style=\"color: #0000ff\"><em><strong>Dr\u017eavno tekmovanje v znanju o sladkorni bolezni: 20. 11. 2021<br \/><\/strong><\/em>Larisa Mastnak\u20149. razred<\/span><\/p>\n<p><span style=\"color: #0000ff\">&nbsp;<\/span><\/p>\n<p>[\/et_pb_text][\/et_pb_column][\/et_pb_row][\/et_pb_section]<\/p>\n","protected":false},"excerpt":{"rendered":"<p>Zlata priznanja v \u0161olskem letu 2024\/2025 Dr\u017eavno tekmovanja iz Logi\u010dne po\u0161asti, 24. 5. 2025, Slovenske Konjice: Gloria Klav\u017ear (1.r., P\u0160 Prevorje) Franci Lipnik&nbsp; (4.r., P\u0160 Loka pri \u017dusmu) Zarja Aman&nbsp; (4.r., mati\u010dna \u0161ola) &nbsp; Zlata priznanja v \u0161olskem letu 2023\/2024 27. Mednarodni razpis za likovna dela otrok na temo Jaz v ogledalu, ki ga organizira [&hellip;]<\/p>\n","protected":false},"author":351,"featured_media":0,"parent":0,"menu_order":0,"comment_status":"closed","ping_status":"closed","template":"","meta":{"_et_pb_use_builder":"on","_et_pb_old_content":"<h3><span style=\"color: #000000\">Zlata priznanja v \u0161olskem letu 2023\/2024<\/span><\/h3>\r\n<div>\r\n<div><em><span style=\"color: #000000;font-family: 'Open Sans', Verdana, Helvetica, Arial, sans-serif\"><strong><b>27. Mednarodni razpis za likovna dela otrok na temo Jaz v ogledalu, ki ga organizira Muzej novej\u0161e zgodovine Celje:<\/b><\/strong><\/span><\/em><\/div>\r\n<div>\r\n<div>4. razred: Sara Artnjak<\/div>\r\n<div>\u00a0<\/div>\r\n<\/div>\r\n<\/div>\r\n<div>\r\n<div><strong><span style=\"font-size: large\">Angle\u0161ka bralna zna\u010dka<\/span><\/strong><\/div>\r\n<div>\r\n<div>4. razred: Eva Jelen, Sara Artnjak, Suzana Novak, Anja Polen\u0161ek, Ana Zalokar, Sara Gril, Erazem Cesar, Zala Bobek, Zvonko Vidergar<\/div>\r\n<div>5. razred: Nik Avbelj, Benjamin Jurko\u0161ek, An\u017ee Hostnik, Alina Platov\u0161ek, Adrijan \u0160poljar, Zoja Leskov\u0161ek, Gloria \u0160elih, Ajda Hernaus, Ajda Pol\u0161ak, Alina Centrih, Karin Su\u0161ec<\/div>\r\n<div>6. razred: Ne\u017ea Johan, Eva Polen\u0161ek, Jan Reber\u0161ak, Anej Tai Antlej, Florijan Bratec, Bor Jezov\u0161ek, Luka Kraj\u0161ek, Ne\u017ea Ti\u010der, Jaka \u0160entjurc<\/div>\r\n<div>7. razred: Klemen Trobec, Jaka Kodri\u010d, Manca Kupec Arzen\u0161ek, Julija Petek, Timon Jelen, Melanija Zidanski<\/div>\r\n<div>8. razred: Ur\u0161ka Verk<\/div>\r\n<div>9. razred: Nina Jagodi\u010d<\/div>\r\n<\/div>\r\n<\/div>\r\n<div>\u00a0<\/div>\r\n<div>\r\n<div><strong><span style=\"font-size: large\">Nem\u0161ka bralna zna\u010dka<\/span><\/strong><\/div>\r\n<div>\r\n<div>7. razred: Jaka Kodri\u010d, Manca Kupec Arzen\u0161ek, Julija Petek, Melanija Zidanski, Kiara Kolar<\/div>\r\n<div>8. razred: Alen Ocvirk<\/div>\r\n<div>9. razred: \u017dana Skale Mastnak, Alisa Platov\u0161ek, Maja Sterku\u0161, Zala Jelen<\/div>\r\n<\/div>\r\n<\/div>\r\n<div>\u00a0<\/div>\r\n<div><strong><span style=\"font-size: large\">Dr\u017eavno tekmovanje iz Logi\u010dne po\u0161asti; Dobje pri Planini, 25. 5. 2024:<\/span><\/strong><\/div>\r\n<div>\r\n<div>Zarja Aman 3.a<\/div>\r\n<div>\u00a0<\/div>\r\n<\/div>\r\n<div>\r\n<div><span style=\"color: #000000\"><strong><em>Dr\u017eavno VIDEO tekmovanje iz znanja angle\u0161\u010dine za u\u010dence 7. razreda osnovne \u0161ole, 21. 3. 2024, na spletu:<\/em><\/strong>\r\n<\/span><\/div>\r\n<div><span style=\"color: #000000\">Tia Ivanjko, Timon Jelen, Manca Kupec Arzen\u0161ek, Klemen Trobec ~ f<\/span>ilm\u010dek\u00a0<em>All For One, One For All!\u00a0<\/em><\/div>\r\n<\/div>\r\n<h3>\u00a0<\/h3>\r\n<h3><em><span style=\"color: #000000\">Zlata priznanja v \u0161olskem letu 2022\/2023<\/span><\/em><\/h3>\r\n<div>\r\n<div>\r\n<div>\r\n<div><em><span style=\"color: #000000\">\u00a0<\/span>Nem\u0161ka bralna zna\u010dka: april\/ maj 2023<\/em><\/div>\r\n<\/div>\r\n<div><em><span style=\"color: #000000\">8. razred: Zala Jelen, \u017dana Skale Mastnak, Maja Sterku\u0161, Alisa Platov\u0161ek<\/span><\/em><\/div>\r\n<div><em>9. razred: Miha Mastnak<\/em><\/div>\r\n<\/div>\r\n<div>\u00a0<\/div>\r\n<div><em><span style=\"color: #000000\">\u00a0<\/span>Angle\u0161ka bralna zna\u010dka: april\/ maj 2023<\/em><\/div>\r\n<\/div>\r\n<div><em><span style=\"color: #000000\">4. razred: Zoja Leskov\u0161ek, An\u017ee Hostnik, Benjamin Jurko\u0161ek, Nik Zorko, Ajda Hernaus, Gloria \u0160elih, Nik Avbelj, Adrian \u0160poljar, Alina Centrih, Luka Guzej, Karin Su\u0161ec<\/span><\/em><\/div>\r\n<div><em>5. razred: Ne\u017ea Johan, Eva Polen\u0161ek, Jan Reber\u0161ak, Luka Kraj\u0161ek, Jaka \u0160entjurc, Ula \u010cuje\u0161, Timotej Aman, Florjan Bratec, Eva Kolar, Jerneja Salobir, Maj Dimec, Martina Gril, Klara Arli\u010d, <span style=\"color: #000000\">An\u017ee Vidovi\u010d, Ne\u017ea Ti\u010der, Matic Loknar<\/span><\/em><\/div>\r\n<div><em>6. razred: Timon Jelen, Klemen Trobec, \u017dan Leskov\u0161ek, jaka Kodri\u010d, Tia Ivanjko, Julija Petek, \u017dan \u0160mid<\/em><\/div>\r\n<div><em>7. razred: Bla\u017e Kladnik, Brina Gaj\u0161ek, Tinkara Mastnak, Alen Ocvirk, Lara Pertina\u010d, Jan Gunzek<\/em><\/div>\r\n<div><em><span style=\"color: #000000\">8. razred: \u017dana Skale Mastnak, Maja Sterku\u0161, Nina Jagodi\u010d<\/span><\/em><\/div>\r\n<div><em>9. razred: Kristina Tr\u017ean, Lucija Verk, Nik Kraj\u0161ek<\/em><\/div>\r\n<h3>\u00a0<\/h3>\r\n<h3><span style=\"color: #000000\"><span style=\"color: #0000ff\">Zlata priznanja v \u0161olskem letu 2021\/2022<\/span><\/span><\/h3>\r\n<span style=\"color: #0000ff\"><em><strong>Dr\u017eavno tekmovanje za Preglovo priznanje iz kemije: 7. maj 2022\r\n<\/strong><\/em>Larisa Mastnak\u20149. razred<\/span>\r\n\r\n<span style=\"color: #0000ff\"><em><strong>Angle\u0161ka bralna zna\u010dka<\/strong><\/em>Ne\u017ea Johan, Eva Polen\u0161ek, Ula \u010cuje\u0161, Jan Reber\u0161ak, Luka Kraj\u0161ek, Jaka \u0160entjurc, Florijan Bratec, Timotej Aman, Jerneja Salobir, Eva Kolar, Maj Dimec, Tina Gril, Klara Arli\u010d, Matic Loknar, Ne\u017ea Ti\u010der, An\u017ee Vidovi\u010d\u20144. r<\/span>\r\n<div><span style=\"color: #0000ff\">Jaka Kodri\u010d, Kiara Kolar, Manca Kupec Arzen\u0161ek, Klemen Trobec, Jan Tr\u017ean, David Zalokar, Tia Ivanjko, Alen Dobnik, Timon Jelen, Kristjan Kri\u017ean, \u017dan \u0160mid, \u017dan Leskov\u0161ek, \u017dana Melan\u0161ek\u20145. r<\/span><\/div>\r\n<div><span style=\"color: #0000ff\">Jan Gunzek, Matic Podhra\u0161ki, Brina Gaj\u0161ek, Lara Pertina\u010d, \u017danluk Bel\u0161ak Tifengraber, Tinkara Mastnak, Alen Ocvirk\u20146.r<\/span><\/div>\r\n<div><span style=\"color: #0000ff\">\u017dana Skale Mastnak, Eva Megli\u010d, Maja Sterku\u0161, \u017dan Pertina\u010d\u20147. r<\/span><\/div>\r\n<div><span style=\"color: #0000ff\">Eva U\u017emah, Timej Novak, Sara Tan\u0161ek\u20149. r<\/span><\/div>\r\n<div>\u00a0<\/div>\r\n<div>\r\n\r\n<span style=\"color: #0000ff\"><em><strong>Nem\u0161ka bralna zna\u010dka<\/strong><\/em><\/span>\r\n<div>\r\n<div><span style=\"color: #0000ff\">Eva Polen\u0161ek\u20144. r<\/span><\/div>\r\n<div><span style=\"color: #0000ff\">Kiara Kolar, Manca Kupec Arzen\u0161ek, David Zalokar\u20145. r<\/span><\/div>\r\n<div><span style=\"color: #0000ff\">Leja Loknar, Alen Ocvirk, Tea Holcinger, Pia Peperko\u20149. r<\/span><\/div>\r\n<\/div>\r\n<div><span style=\"color: #0000ff\">\u017dana Skale Mastnak\u20147. r<\/span><\/div>\r\n<div><span style=\"color: #0000ff\">Miha Mastnak\u20148. r<\/span><\/div>\r\n<div><span style=\"color: #0000ff\">Larisa Mastnak, Eva U\u017emah, Kiara Turn\u0161ek\u20149. r<\/span><\/div>\r\n<div>\u00a0<\/div>\r\n<div><span style=\"color: #0000ff\"><em><strong>Dr\u017eavno tekmovanje - Logi\u010dna po\u0161ast: 25. 5. 2022<\/strong><\/em><\/span><\/div>\r\n<\/div>\r\n<div><span style=\"color: #0000ff\">Franci Lipnik, Zarja Aman, Mija Kos\u20141. r<\/span><\/div>\r\n<div><span style=\"color: #0000ff\">Eva Polen\u0161ek\u20144.r<\/span><\/div>\r\n<div><span style=\"color: #0000ff\">Ana Bobnar\u20148.r<\/span><\/div>\r\n\u00a0\r\n\r\n<span style=\"color: #0000ff\"><em><strong>Dr\u017eavno tekmovanje v znanju o sladkorni bolezni: 20. 11. 2021\r\n<\/strong><\/em>Larisa Mastnak\u20149. razred<\/span>\r\n\r\n<span style=\"color: #0000ff\">\u00a0<\/span>","_et_gb_content_width":"","ngg_post_thumbnail":0,"footnotes":"","_expiration-date-status":"saved","_expiration-date":0,"_expiration-date-type":"","_expiration-date-categories":[],"_expiration-date-options":[]},"class_list":["post-815","page","type-page","status-publish","hentry"],"_links":{"self":[{"href":"https:\/\/slivnica.si\/index.php?rest_route=\/wp\/v2\/pages\/815","targetHints":{"allow":["GET"]}}],"collection":[{"href":"https:\/\/slivnica.si\/index.php?rest_route=\/wp\/v2\/pages"}],"about":[{"href":"https:\/\/slivnica.si\/index.php?rest_route=\/wp\/v2\/types\/page"}],"author":[{"embeddable":true,"href":"https:\/\/slivnica.si\/index.php?rest_route=\/wp\/v2\/users\/351"}],"replies":[{"embeddable":true,"href":"https:\/\/slivnica.si\/index.php?rest_route=%2Fwp%2Fv2%2Fcomments&post=815"}],"version-history":[{"count":16,"href":"https:\/\/slivnica.si\/index.php?rest_route=\/wp\/v2\/pages\/815\/revisions"}],"predecessor-version":[{"id":30030,"href":"https:\/\/slivnica.si\/index.php?rest_route=\/wp\/v2\/pages\/815\/revisions\/30030"}],"wp:attachment":[{"href":"https:\/\/slivnica.si\/index.php?rest_route=%2Fwp%2Fv2%2Fmedia&parent=815"}],"curies":[{"name":"wp","href":"https:\/\/api.w.org\/{rel}","templated":true}]}}