{"id":28839,"date":"2025-01-22T12:55:13","date_gmt":"2025-01-22T11:55:13","guid":{"rendered":"https:\/\/slivnica.splet.arnes.si\/?page_id=28839"},"modified":"2025-02-03T11:30:42","modified_gmt":"2025-02-03T10:30:42","slug":"navodilo-za-namestitev-microsoft-office-za-ucence","status":"publish","type":"page","link":"https:\/\/slivnica.si\/?page_id=28839","title":{"rendered":"Navodilo za namestitev Microsoft Office za u\u010dence"},"content":{"rendered":"<p style=\"text-align: left\">U\u010denci Osnovne \u0161ole Slivnica pri Celju imajo mo\u017enost brezpla\u010dne namestitve programov Office, ki so namenjeni uporabi za \u0161olske in osebne potrebe. Za dostop do namestitve je potrebna veljavna AAI-prijava, ki vam omogo\u010da prenos in aktivacijo programske opreme.<\/p>\n<p style=\"text-align: left\">Paket Office vklju\u010duje priljubljene programe, kot so Word, Excel, PowerPoint in \u0161e nekatere druge, ki so uporabni za pisanje, urejanje preglednic, pripravo predstavitev in druge naloge. Programe je mogo\u010de namestiti na najve\u010d pet naprav, kar vklju\u010duje osebne ra\u010dunalnike (Windows ali Mac), tablice in pametne telefone.<\/p>\n<p style=\"text-align: left\">V nadaljevanju so podrobno opisani koraki za namestitev. Upo\u0161tevajte navodila, da omogo\u010dite uporabo teh programov na svojih napravah.<\/p>\n<div contenteditable=\"false\" class=\"arnesvideo-iframe-container\"><iframe data-customwidth=\"100%\" loading=\"lazy\" class=\"arnesvideo-iframe\" data-aviframe=\"1\" data-resize=\"1\" frameborder=\"0\" allowfullscreen=\"\" mozallowfullscreen=\"\" webkitallowfullscreen=\"\" src=\"https:\/\/video.arnes.si\/embed\/0431g1hrmqc8\"><\/iframe><\/div>\n<p>&nbsp;<\/p>\n<p><a href=\"https:\/\/slivnica.si\/files\/2025\/01\/NAVODILA-ZA-NAMESTITEV-MICROSOFT-OFFICE-365-ZA-UCENCE.pdf\" target=\"_blank\" rel=\"noopener\">Namestitev Microsoft Office 365<\/a><\/p>\n<p>&nbsp;<\/p>\n<p>&nbsp;<\/p>\n<p>&nbsp;<\/p>\n<p>&nbsp;<\/p>\n<p>&nbsp;<\/p>\n<p>&nbsp;<\/p>\n<p>&nbsp;<\/p>\n<p>&nbsp;<\/p>\n<p>&nbsp;<\/p>\n<p>&nbsp;<\/p>\n<p>&nbsp;<\/p>\n","protected":false},"excerpt":{"rendered":"<p>U\u010denci Osnovne \u0161ole Slivnica pri Celju imajo mo\u017enost brezpla\u010dne namestitve programov Office, ki so namenjeni uporabi za \u0161olske in osebne potrebe. Za dostop do namestitve je potrebna veljavna AAI-prijava, ki vam omogo\u010da prenos in aktivacijo programske opreme. Paket Office vklju\u010duje priljubljene programe, kot so Word, Excel, PowerPoint in \u0161e nekatere druge, ki so uporabni za [&hellip;]<\/p>\n","protected":false},"author":91868,"featured_media":0,"parent":0,"menu_order":0,"comment_status":"closed","ping_status":"closed","template":"","meta":{"_et_pb_use_builder":"","_et_pb_old_content":"","_et_gb_content_width":"","ngg_post_thumbnail":0,"footnotes":"","_expiration-date-status":"","_expiration-date":0,"_expiration-date-type":"","_expiration-date-categories":[],"_expiration-date-options":[]},"class_list":["post-28839","page","type-page","status-publish","hentry"],"_links":{"self":[{"href":"https:\/\/slivnica.si\/index.php?rest_route=\/wp\/v2\/pages\/28839","targetHints":{"allow":["GET"]}}],"collection":[{"href":"https:\/\/slivnica.si\/index.php?rest_route=\/wp\/v2\/pages"}],"about":[{"href":"https:\/\/slivnica.si\/index.php?rest_route=\/wp\/v2\/types\/page"}],"author":[{"embeddable":true,"href":"https:\/\/slivnica.si\/index.php?rest_route=\/wp\/v2\/users\/91868"}],"replies":[{"embeddable":true,"href":"https:\/\/slivnica.si\/index.php?rest_route=%2Fwp%2Fv2%2Fcomments&post=28839"}],"version-history":[{"count":11,"href":"https:\/\/slivnica.si\/index.php?rest_route=\/wp\/v2\/pages\/28839\/revisions"}],"predecessor-version":[{"id":28913,"href":"https:\/\/slivnica.si\/index.php?rest_route=\/wp\/v2\/pages\/28839\/revisions\/28913"}],"wp:attachment":[{"href":"https:\/\/slivnica.si\/index.php?rest_route=%2Fwp%2Fv2%2Fmedia&parent=28839"}],"curies":[{"name":"wp","href":"https:\/\/api.w.org\/{rel}","templated":true}]}}