{"id":28631,"date":"2025-01-04T15:41:52","date_gmt":"2025-01-04T14:41:52","guid":{"rendered":"https:\/\/slivnica.splet.arnes.si\/?page_id=28631"},"modified":"2025-01-04T15:41:52","modified_gmt":"2025-01-04T14:41:52","slug":"discovering-new-places-cultures-and-traditions","status":"publish","type":"page","link":"https:\/\/slivnica.si\/?page_id=28631","title":{"rendered":"Discovering new places, cultures and traditions"},"content":{"rendered":"<ul>\n<li>partnerske \u0161ole iz: Francije in Italije<\/li>\n<li>sodelujo\u010di u\u010denci: 7. r.<\/li>\n<li>TwinSpace: <a href=\"https:\/\/school-education.ec.europa.eu\/en\/etwinning\/projects\/discovering-new-places-cultures-and-traditions\/twinspace\" target=\"_blank\" rel=\"noopener\">https:\/\/school-education.ec.europa.eu\/en\/etwinning\/projects\/discovering-new-places-cultures-and-traditions\/twinspace<\/a><\/li>\n<\/ul>\n<p><a href=\"https:\/\/slivnica.si\/files\/2025\/01\/Logo_Discovering-new-places-cultures-and-traditions.png\"><img loading=\"lazy\" decoding=\"async\" class=\"alignleft wp-image-28634\" src=\"https:\/\/slivnica.si\/files\/2025\/01\/Logo_Discovering-new-places-cultures-and-traditions.png\" alt=\"\" width=\"404\" height=\"404\" srcset=\"https:\/\/slivnica.si\/files\/2025\/01\/Logo_Discovering-new-places-cultures-and-traditions.png 1003w, https:\/\/slivnica.si\/files\/2025\/01\/Logo_Discovering-new-places-cultures-and-traditions-300x300.png 300w, https:\/\/slivnica.si\/files\/2025\/01\/Logo_Discovering-new-places-cultures-and-traditions-150x150.png 150w, https:\/\/slivnica.si\/files\/2025\/01\/Logo_Discovering-new-places-cultures-and-traditions-768x768.png 768w, https:\/\/slivnica.si\/files\/2025\/01\/Logo_Discovering-new-places-cultures-and-traditions-440x440.png 440w\" sizes=\"(max-width: 404px) 100vw, 404px\" \/><\/a><\/p>\n","protected":false},"excerpt":{"rendered":"<p>partnerske \u0161ole iz: Francije in Italije sodelujo\u010di u\u010denci: 7. r. TwinSpace: https:\/\/school-education.ec.europa.eu\/en\/etwinning\/projects\/discovering-new-places-cultures-and-traditions\/twinspace<\/p>\n","protected":false},"author":4243,"featured_media":0,"parent":0,"menu_order":0,"comment_status":"closed","ping_status":"closed","template":"","meta":{"_et_pb_use_builder":"","_et_pb_old_content":"","_et_gb_content_width":"","ngg_post_thumbnail":0,"footnotes":"","_expiration-date-status":"","_expiration-date":0,"_expiration-date-type":"","_expiration-date-categories":[],"_expiration-date-options":[]},"class_list":["post-28631","page","type-page","status-publish","hentry"],"_links":{"self":[{"href":"https:\/\/slivnica.si\/index.php?rest_route=\/wp\/v2\/pages\/28631","targetHints":{"allow":["GET"]}}],"collection":[{"href":"https:\/\/slivnica.si\/index.php?rest_route=\/wp\/v2\/pages"}],"about":[{"href":"https:\/\/slivnica.si\/index.php?rest_route=\/wp\/v2\/types\/page"}],"author":[{"embeddable":true,"href":"https:\/\/slivnica.si\/index.php?rest_route=\/wp\/v2\/users\/4243"}],"replies":[{"embeddable":true,"href":"https:\/\/slivnica.si\/index.php?rest_route=%2Fwp%2Fv2%2Fcomments&post=28631"}],"version-history":[{"count":2,"href":"https:\/\/slivnica.si\/index.php?rest_route=\/wp\/v2\/pages\/28631\/revisions"}],"predecessor-version":[{"id":28636,"href":"https:\/\/slivnica.si\/index.php?rest_route=\/wp\/v2\/pages\/28631\/revisions\/28636"}],"wp:attachment":[{"href":"https:\/\/slivnica.si\/index.php?rest_route=%2Fwp%2Fv2%2Fmedia&parent=28631"}],"curies":[{"name":"wp","href":"https:\/\/api.w.org\/{rel}","templated":true}]}}