{"id":217,"date":"2015-07-09T10:31:25","date_gmt":"2015-07-09T09:31:25","guid":{"rendered":"http:\/\/slivnica.splet.arnes.si\/?page_id=217"},"modified":"2023-11-24T09:33:19","modified_gmt":"2023-11-24T08:33:19","slug":"katalog-informacij-javnega-znacaja","status":"publish","type":"page","link":"https:\/\/slivnica.si\/?page_id=217","title":{"rendered":"Katalog informacij javnega zna\u010daja"},"content":{"rendered":"<p>[et_pb_section fb_built=&#8221;1&#8243; _builder_version=&#8221;4.16&#8243; _module_preset=&#8221;default&#8221; global_colors_info=&#8221;{}&#8221;][et_pb_row _builder_version=&#8221;4.16&#8243; _module_preset=&#8221;default&#8221; background_size=&#8221;initial&#8221; background_position=&#8221;top_left&#8221; background_repeat=&#8221;repeat&#8221; global_colors_info=&#8221;{}&#8221;][et_pb_column type=&#8221;4_4&#8243; _builder_version=&#8221;4.16&#8243; _module_preset=&#8221;default&#8221; custom_padding=&#8221;|||&#8221; global_colors_info=&#8221;{}&#8221; custom_padding__hover=&#8221;|||&#8221;][et_pb_text admin_label=&#8221;Text&#8221; _builder_version=&#8221;4.18.0&#8243; _module_preset=&#8221;default&#8221; background_size=&#8221;initial&#8221; background_position=&#8221;top_left&#8221; background_repeat=&#8221;repeat&#8221; global_colors_info=&#8221;{}&#8221;]<\/p>\n<p><em>Naziv zavoda:<\/em><\/p>\n<p><strong>Osnovna \u0161ola Slivnica pri Celju<\/strong><br \/><strong>Gorica pri Slivnici 61<\/strong><br \/><strong>3263 Gorica pri Slivnici<\/strong><\/p>\n<p><strong>Tel: 05 969 6050<\/strong><\/p>\n<p><em>Odgovorna uradna oseba: <\/em><\/p>\n<p><strong>Breda \u017dupanc, prof., ravnateljica<\/strong><br \/><strong>Telefon: 05 969 6056<\/strong><br \/><strong>E-mail: breda.zupanc@slivnica.si<\/strong><\/p>\n<p>Datum prve objave kataloga: 6. 2. 2009<\/p>\n<p>Datum zadnje spremembe: 20. 8. 2015<\/p>\n<p>Katalog je dostopen na spletnem naslovu: http:\/\/slivnica.si<\/p>\n<p><strong>2. Splo\u0161ni podatki o zavodu in informacijah javnega zna\u010daja s katerimi razpolaga<\/strong><\/p>\n<p><strong>2.a Podatki o organizaciji zavoda<\/strong><\/p>\n<p>Kratek opis delovnega podro\u010dja zavoda: osnovno\u0161olsko izobra\u017eevanje<br \/>Seznam vseh notranjih organizacijskih enot:<br \/>&#8211; Osnovna \u0161ola Slivnica pri Celju, Gorica pri Slivnici 61, 3263 Gorica pri Slivnici<br \/>&#8211; Podru\u017eni\u010dna osnovna \u0161ola Loka pri \u017dusmu, Loka pri \u017dusmu 12, 3223 Loka pri \u017dusmu<br \/>&#8211; Podru\u017eni\u010dna osnovna \u0161ola Prevorje, Lopaca 3, 3262 Prevorje<\/p>\n<p><strong>2. b Organigram zavoda<\/strong><\/p>\n<p><strong>2. c Kontaktni podatki uradne osebe (oseb), pristojnih za posredovanje informacij<\/strong><br \/><em>Pristojne osebe:<\/em><\/p>\n<p>Ana Belina, tajnica O\u0160 Slivnica pri Celju,<br \/>Gorica pri Slivnici 61,<br \/>3263 Gorica pri Slivnici<\/p>\n<p>Telefon: 05 969 6050<br \/>E-mail \u0161ole: tajnistvo@slivnica.si<\/p>\n<p><strong>2. d Seznam zakonov, podzakonskih aktov in predpisov Evropskih skupnosti z delovnega podro\u010dja organa (preko dr\u017eavnega, lokalnega oziroma evropskega registra predpisov)<\/strong><\/p>\n<p><em>Notranji predpisi (vse predpise najdete v rubriki \u0160olski dokumenti\/\u0160olska zakonodaja):<\/em><br \/>&#8211; Akt o ustanovitvi<br \/>&#8211; Pravila o \u0161olski prehrani<br \/>&#8211; Pravilnik o podrobnej\u0161ih kriterijih in postopku za dodelitev sredstev za subvencioniranje \u0161ole v naravi<br \/>&#8211; Pravila o prilagajanju \u0161olskih obveznosti Osnovne \u0161ole Slivnica pri Celju<br \/>&#8211; Pravila o \u0161olskem skladu<br \/>&#8211; Vzgojni na\u010drt<br \/>&#8211; Hi\u0161ni red<\/p>\n<p><em>Dr\u017eavni predpisi:<\/em><br \/>&#8211; Zakon o zavodih<br \/>&#8211; Zakon o organizaciji in financiranju vzgoje in izobra\u017eevanja<br \/>&#8211; Zakon o \u0161olski in\u0161pekciji<br \/>&#8211; Zakon o delovnih razmerjih<br \/>&#8211; Zakon o javnih uslu\u017ebencih<br \/>&#8211; Kolektivna pogodba za negospodarske dejavnosti v RS<br \/>&#8211; Zakon o sistemu pla\u010d v javnem sektorju<br \/>&#8211; Pravilnik o napredovanju zaposlenih v vzgoji in izobra\u017eevanju v nazive<br \/>&#8211; Pravilnik o pripravni\u0161tvu strokovnih delavcev na podro\u010dju vzgoje in izobra\u017eevanja<br \/>&#8211; Pravilnik o strokovnem izpitu strokovnih delavcev na podro\u010dju vzgoje in izobra\u017eevanja<br \/>&#8211; Uredba o napredovanju javnih uslu\u017ebencev v pla\u010dne razrede<br \/>&#8211; Pravilnik o napredovanju zaposlenih v vrtcih in \u0161olah v pla\u010dilne razrede<br \/>&#8211; Kolektivna pogodba za dejavnost vzgoje in izobra\u017eevanja<br \/>&#8211; Pravilnik o pripravni\u0161tvu strokovnih delavcev na podro\u010dju vzgoje in izobra\u017eevanja<br \/>&#8211; Zakon o javnih naro\u010dilih<br \/>&#8211; Pravilnik o pogojih, ki jih morajo izpolnjevati vozila in vozniki vozil, s katerimi se vozijo skupine otrok<br \/>&#8211; Zakon o varstvu osebnih podatkov<br \/>&#8211; Zakon o dostopu do informacij javnega zna\u010daja<br \/>&#8211; Zakon o splo\u0161nem upravnem postopku<br \/>&#8211; Zakon o osnovni \u0161oli<br \/>&#8211; Pravilnik o preverjanju in ocenjevanju znanja ter napredovanju u\u010dencev v O\u0160<br \/>&#8211; Pravilnik o dokumentaciji v O\u0160<br \/>&#8211; Pravilnik o \u0161olskem koledarju za O\u0160<br \/>&#8211; Uredba o posredovanju informacij javnega zna\u010daja<br \/>&#8211; Predpisi EU<\/p>\n<p>Na na\u0161em podro\u010dju ni predpisov, ki bi bili regulirani s strani EU.<\/p>\n<p><strong>2. e Seznam predlogov predpisov (preko dr\u017eavnega oziroma lokalnega registra predpisov)<\/strong><\/p>\n<p>&#8211; Predlogi predpisov<br \/>&#8211; V postopku ni nobenega predloga predpisov.<\/p>\n<p><strong>2. f Seznam strate\u0161kih in programskih dokumentov po vsebinskih sklopih<\/strong><\/p>\n<p>&#8211; Seznam strate\u0161kih in programskih dokumentov<br \/>&#8211; Razvojni na\u010drt O\u0160 Slivnica pri Celju<br \/>&#8211; Letni delovni na\u010drt (LDN) za teko\u010de \u0161olsko leto<\/p>\n<p><strong>2. g Seznam vrst upravnih, sodnih ali zakonodajnih postopkov<\/strong><\/p>\n<p>&#8211; Vrste postopkov, ki jih vodi organ Prijavno-sprejemni postopek za vpis v prvi razred<br \/>&#8211; Odlo\u010danje o prito\u017ebah na dajanje informacij javnega zna\u010daja<br \/>&#8211; Postopki priznavanja tujega izobra\u017eevanja.<\/p>\n<p><strong>2. h Seznam javnih evidenc, s katerimi organ upravlja<\/strong><\/p>\n<p>&#8211; Seznam javnih evidenc \u2013 jih ni.<\/p>\n<p><strong>2. i Seznam drugih informatiziranih zbirk podatkov<\/strong><\/p>\n<p>&#8211; Seznam zbirk v pripravi.<\/p>\n<p><strong>2. j Najpomembnej\u0161i vsebinski sklopi drugih informacij javnega zna\u010daja oziroma seznam posameznih dokumentov<\/strong><\/p>\n<p>&#8211; Sklopi informacij \u2013 sledijo raz\u010dlenjenemu opisu delovnega podro\u010dja organa<br \/>&#8211; Objave \u017ee posredovanih informacij javnega zna\u010daja<br \/>&#8211; \u0160olski koledar za teko\u010de \u0161olsko leto<\/p>\n<p><strong>3. Opis na\u010dina dostopa do drugih informacij javnega zna\u010daja<\/strong><\/p>\n<p>&#8211; Ve\u010dina informacij je dostopna prek spleta <a href=\"https:\/\/slivnica.si\/?page_id=217\">http:\/\/www.slivnica.si<\/a>&nbsp;ob vsakem \u010dasu.<br \/>&#8211; Informacije so fizi\u010dno dostopne v delovnem \u010dasu na sede\u017eu \u0161ole.<\/p>\n<p>[\/et_pb_text][\/et_pb_column][\/et_pb_row][\/et_pb_section]<\/p>\n","protected":false},"excerpt":{"rendered":"<p>Naziv zavoda: Osnovna \u0161ola Slivnica pri CeljuGorica pri Slivnici 613263 Gorica pri Slivnici Tel: 05 969 6050 Odgovorna uradna oseba: Breda \u017dupanc, prof., ravnateljicaTelefon: 05 969 6056E-mail: breda.zupanc@slivnica.si Datum prve objave kataloga: 6. 2. 2009 Datum zadnje spremembe: 20. 8. 2015 Katalog je dostopen na spletnem naslovu: http:\/\/slivnica.si 2. Splo\u0161ni podatki o zavodu in informacijah [&hellip;]<\/p>\n","protected":false},"author":5705,"featured_media":0,"parent":0,"menu_order":0,"comment_status":"open","ping_status":"open","template":"","meta":{"_et_pb_use_builder":"on","_et_pb_old_content":"Naziv zavoda: Osnovna \u0161ola Slivnica pri Celju\r\n\r\nGorica pri Slivnici 61,\u00a0 3263 Gorica pri Slivnici\r\n\r\ntel. 05 969 6050, faks: 03 746 1462\r\n\r\nOdgovorna uradna oseba: Marjeta Ko\u0161ak, prof. mat., ravnateljica\r\n\r\ntelefon: 05 969 6056\r\n\r\nmarjeta.kosak@os-slivnica.si\r\n\r\nDatum prve objave kataloga: 6. 2. 2009\r\n\r\nDatum zadnje spremembe: 20. 8. 2015\r\n\r\nKatalog je dostopen na spletnem naslovu:\u00a0http:\/\/slivnica.splet.arnes.si\r\n\r\n2. Splo\u0161ni podatki o zavodu in informacijah javnega zna\u010daja s katerimi razpolaga\r\n\r\n2.a Podatki o organizaciji zavoda\r\n\r\nKratek opis delovnega podro\u010dja zavoda: osnovno\u0161olsko izobra\u017eevanje\r\n\r\nSeznam vseh notranjih organizacijskih enot:\r\nOsnovna \u0161ola Slivnica pri Celju, Gorica pri Slivnici 61, 3263 Gorica pri Slivnici\r\nPodru\u017eni\u010dna osnovna \u0161ola Loka pri \u017dusmu, Loka pri \u017dusmu 12, 3223 Loka pri \u017dusmu\r\n\r\nPodru\u017eni\u010dna osnovna \u0161ola Prevorje, Lopaca 3, 3262 Prevorje\r\n\r\n2. b Organigram zavoda\r\n\r\n2.c Kontaktni podatki uradne osebe (oseb), pristojnih za posredovanje informacij\r\nPristojne osebe:\r\n\r\nPetra Bra\u010dko Petek,\u00a0tajnica O\u0160 Slivnica pri Celju, Gorica pri Slivnici 61, 3263 Gorica pri Slivnici\r\n\r\ntelefon: 05 969 6050\r\n\r\nfaks: 03 746 1462\r\n\r\ne -mail \u0161ole: tajnistvo@slivnica.si\r\n2.d Seznam zakonov, podzakonskih aktov in predpisov Evropskih skupnosti z delovnega podro\u010dja organa (preko dr\u017eavnega, lokalnega oziroma evropskega registra predpisov)\r\n\r\nNotranji predpisi (vse predpise najdete v rubriki \u0160olski dokumenti\/\u0160olska zakonodaja)\r\nAkt o ustanovitvi\r\n\r\nPravila o \u0161olski prehrani\r\n\r\nPravilnik o podrobnej\u0161ih kriterijih in postopku za dodelitev sredstev za subvencioniranje \u0161ole v naravi\r\n\r\nPravila o prilagajanju \u0161olskih obveznosti Osnovne \u0161ole Slivnica pri Celju\r\n\r\nPravila o \u0161olskem skladu\r\n\r\nVzgojni na\u010drt\r\n\r\nHi\u0161ni red\r\n\r\nDr\u017eavni predpisi:\r\n\r\nZakon o zavodih\r\n\r\nZakon o organizaciji in financiranju vzgoje in izobra\u017eevanja\r\n\r\nZakon o \u0161olski in\u0161pekciji\r\n\r\nZakon o delovnih razmerjih\r\n\r\nZakon o javnih uslu\u017ebencih\r\n\r\nKolektivna pogodba za negospodarske dejavnosti v RS\r\n\r\nZakon o sistemu pla\u010d v javnem sektorju\r\n\r\nPravilnik o napredovanju zaposlenih v vzgoji in izobra\u017eevanju v nazive\r\n\r\nPravilnik o pripravni\u0161tvu strokovnih delavcev na podro\u010dju vzgoje in izobra\u017eevanja\r\n\r\nPravilnik o strokovnem izpitu strokovnih delavcev na podro\u010dju vzgoje in izobra\u017eevanja\r\n\r\nUredba o napredovanju javnih uslu\u017ebencev v pla\u010dne razrede\r\n\r\nPravilnik o napredovanju zaposlenih v vrtcih in \u0161olah v pla\u010dilne razrede\r\n\r\nKolektivna pogodba za dejavnost vzgoje in izobra\u017eevanja\r\n\r\nPravilnik o pripravni\u0161tvu strokovnih delavcev na podro\u010dju vzgoje in izobra\u017eevanja\r\n\r\nZakon o javnih naro\u010dilih\r\n\r\nPravilnik o pogojih, ki jih morajo izpolnjevati vozila in vozniki vozil, s katerimi se vozijo skupine otrok\r\n\r\nZakon o varstvu osebnih podatkov\r\n\r\nZakon o dostopu do informacij javnega zna\u010daja\r\n\r\nZakon o splo\u0161nem upravnem postopku\r\n\r\nZakon o osnovni \u0161oli\r\n\r\nPravilnik o preverjanju in ocenjevanju znanja ter napredovanju u\u010dencev v O\u0160\r\n\r\nPravilnik o dokumentaciji v O\u0160\r\n\r\nPravilnik o \u0161olskem koledarju za O\u0160\r\n\r\nUredba o posredovanju informacij javnega zna\u010daja\r\n\r\nPredpisi EU\r\n\r\nNa na\u0161em podro\u010dju ni predpisov, ki bi bili regulirani s strani EU.\r\n\r\n2.e Seznam predlogov predpisov (preko dr\u017eavnega oziroma lokalnega registra predpisov)\r\nPredlogi predpisov\r\n\r\nV postopku ni nobenega predloga predpisov.\r\n\r\n2.f Seznam strate\u0161kih in programskih dokumentov po vsebinskih sklopih\r\nSeznam strate\u0161kih in programskih dokumentov\r\n\r\nRazvojni na\u010drt O\u0160 Slivnica pri Celju\r\n\r\nLetni delovni na\u010drt (LDN) za teko\u010de \u0161olsko leto\r\n\r\n2.g Seznam vrst upravnih, sodnih ali zakonodajnih postopkov\r\n\r\nVrste postopkov, ki jih vodi organ Prijavno-sprejemni postopek za vpis v prvi razred\r\n\r\nOdlo\u010danje o prito\u017ebah na dajanje informacij javnega zna\u010daja\r\n\r\nPostopki priznavanja tujega izobra\u017eevanja.\r\n\r\n2.h Seznam javnih evidenc, s katerimi organ upravlja\r\n\r\nSeznam javnih evidenc - jih ni.\r\n\r\n2.i Seznam drugih informatiziranih zbirk podatkov\r\n\r\nSeznam zbirk v pripravi.\r\n\r\n2.j Najpomembnej\u0161i vsebinski sklopi drugih informacij javnega zna\u010daja oziroma seznam posameznih dokumentov\r\n\r\nSklopi informacij - sledijo raz\u010dlenjenemu opisu delovnega podro\u010dja organa\r\n\r\nObjave \u017ee posredovanih informacij javnega zna\u010daja\r\n\r\n\u0160olski koledar za teko\u010de \u0161olsko leto\r\n\r\n3. Opis na\u010dina dostopa do drugih informacij javnega zna\u010daja\r\nOpis dostopa do posameznih sklopov informacij: Ve\u010dina informacij je dostopna prek spleta <a href=\"http:\/\/slivnica.splet.arnes.si\/?page_id=217\">http:\/\/www.os-slivnica.si<\/a> ob vsakem \u010dasu.\r\n\r\nInformacije so fizi\u010dno dostopne v delovnem \u010dasu na sede\u017eu \u0161ole.","_et_gb_content_width":"","ngg_post_thumbnail":0,"footnotes":"","_expiration-date-status":"","_expiration-date":0,"_expiration-date-type":"","_expiration-date-categories":[],"_expiration-date-options":[]},"class_list":["post-217","page","type-page","status-publish","hentry"],"_links":{"self":[{"href":"https:\/\/slivnica.si\/index.php?rest_route=\/wp\/v2\/pages\/217","targetHints":{"allow":["GET"]}}],"collection":[{"href":"https:\/\/slivnica.si\/index.php?rest_route=\/wp\/v2\/pages"}],"about":[{"href":"https:\/\/slivnica.si\/index.php?rest_route=\/wp\/v2\/types\/page"}],"author":[{"embeddable":true,"href":"https:\/\/slivnica.si\/index.php?rest_route=\/wp\/v2\/users\/5705"}],"replies":[{"embeddable":true,"href":"https:\/\/slivnica.si\/index.php?rest_route=%2Fwp%2Fv2%2Fcomments&post=217"}],"version-history":[{"count":19,"href":"https:\/\/slivnica.si\/index.php?rest_route=\/wp\/v2\/pages\/217\/revisions"}],"predecessor-version":[{"id":24517,"href":"https:\/\/slivnica.si\/index.php?rest_route=\/wp\/v2\/pages\/217\/revisions\/24517"}],"wp:attachment":[{"href":"https:\/\/slivnica.si\/index.php?rest_route=%2Fwp%2Fv2%2Fmedia&parent=217"}],"curies":[{"name":"wp","href":"https:\/\/api.w.org\/{rel}","templated":true}]}}